No particular awareness of the weather is required.   -   There are no Weather-warnings

NOAA-Style Climate Reports

Select a Year or Month report
2018: Jan Feb Mar Apr May Jun Jul Aug Sep Oct Nov Dec
2017: Jan Feb Mar Apr May Jun Jul Aug Sep Oct Nov Dec
2016: Jan Feb Mar Apr May Jun Jul Aug Sep Oct Nov Dec
2015: Jan Feb Mar Apr May Jun Jul Aug Sep Oct Nov Dec
2014: Jan Feb Mar Apr May Jun Jul Aug Sep Oct Nov Dec
2013: Jan Feb Mar Apr May Jun Jul Aug Sep Oct Nov Dec
2012: Jan Feb Mar Apr May Jun Jul Aug Sep Oct Nov Dec

Report for 2016 August
                   Monthly Climatological Summary for Aug 2016

Name: Loughlinstown   City: Co Dublin   State: Ireland
Elevation: 24 m  Lat: N 53° 14' 54"   Lon: W 006° 08' 01"

                  Temperature (°C), Rain (mm), Wind Speed (km/h)

                                      Heat  Cool        Avg
    Mean                              Deg   Deg         Wind                 Dom
Day Temp  High   Time   Low    Time   Days  Days  Rain  Speed High   Time    Dir
----------------------------------------------------------------------------------
 1  14.4  17.7   10:40  11.3   05:33   3.9   0.0   3.4   5.4  36.4   14:25   ESE
 2  17.2  22.3   16:26  14.0   00:00   1.8   0.6   1.8   2.2  31.0   23:22     W
 3  17.5  20.8   16:04  14.7   06:02   1.2   0.4   0.8  14.3  52.8   14:49    SW
 4  17.2  21.5   15:59  15.1   04:28   1.5   0.4   2.4  10.5  45.4   00:29     W
 5  17.1  22.4   16:06  12.9   04:53   1.8   0.6   0.4   3.0  27.2   17:28     W
 6  19.0  25.5   19:19  11.2   04:42   1.6   2.3   0.0   5.5  36.4   16:52   SSE
 7  18.2  24.1   16:36  13.3   23:57   1.2   1.1   0.0  14.7  56.4   23:22   WSW
 8  15.3  20.0   17:22  12.2   05:11   3.1   0.1   1.8  13.1  49.2   00:02     W
 9  13.9  18.3   13:25  10.8   05:48   4.4   0.0   0.4  11.1  40.0   15:27   WNW
10  14.3  16.8   15:44  11.8   05:09   4.0   0.0   1.4   9.7  40.0   15:47     W
11  17.4  22.3   17:09  13.2   02:10   1.9   1.0   0.0  15.3  54.6   02:58     W
12  17.6  22.7   12:50  13.9   04:48   1.5   0.8   0.0  10.7  40.0   09:40   WSW
13  16.5  19.3   14:43  13.7   05:31   1.9   0.1   0.0   9.5  41.8   01:09     W
14  15.6  18.5   11:19  12.1   23:57   2.7   0.0   0.0   3.1  18.2   04:47   SSW
15  14.8  20.6   17:43   6.7   05:30   3.9   0.4   0.0   4.2  38.2   13:14   ESE
16  17.1  21.4   16:50  10.5   01:04   2.1   0.9   0.0   5.7  36.4   08:40   ESE
17  16.1  18.8   00:08  13.9   23:49   2.2   0.0  14.8   2.2  23.6   00:11    SE
18  15.9  20.6   14:05  13.5   04:37   2.6   0.2   4.6   2.0  14.6   16:36    NE
19  15.4  18.8   16:19  13.2   08:10   3.0   0.0   9.6  11.7  41.8   07:40    SE
20  16.1  19.7   16:21  14.6   01:16   2.3   0.1   8.2  14.5  54.6   10:16   WSW
21  17.0  20.3   18:17  14.1   06:27   1.6   0.4   0.0   8.9  38.2   07:52   WSW
22  19.7  25.6   16:19  15.4   23:55   0.3   1.7   0.2   4.7  38.2   01:37    SW
23  16.2  19.4   15:26  14.7   05:34   2.1   0.0   1.4   3.1  21.8   05:50   SSE
24  15.9  21.9   12:27  10.2   23:28   2.9   0.5   0.0   4.2  23.6   01:02    NW
25  15.1  19.6   15:11   9.6   06:28   3.4   0.2   0.0   1.9  21.8   22:25   ESE
26  16.9  23.1   17:41  11.6   23:50   2.4   1.0   0.0   6.2  32.8   10:35    SW
27  14.6  19.6   10:09   8.9   06:17   3.9   0.2   0.2   2.5  23.6   11:37   ENE
28  16.4  22.0   15:03  11.7   23:55   2.2   0.4   0.2   2.9  21.8   11:04   NNW
29  16.2  25.0   15:52   7.6   06:59   3.2   1.1   0.2   3.2  25.4   17:06   SSW
30  18.0  23.5   12:51  11.7   06:18   1.7   1.4   0.0   4.2  36.4   22:08   SSE
31  16.4  20.3   11:04  11.4   23:56   2.0   0.2   0.0   7.5  34.6   13:21   WSW
----------------------------------------------------------------------------------
    16.4  25.6    22     6.7    15    74.3  16.1  51.8   7.0  56.4     7     WSW

Max >=  25.0:  3
Max <=   0.0:  0
Min <=   0.0:  0
Min <=  -5.0:  0
Max Rain: 14.8 on day 17
Days of Rain: 17 (>= 0.2 mm)  6 (>= 2.0 mm)  0 (>= 20.0 mm)
Heat Base: 18.3  Cool Base: 18.3  Method: Integration