No particular awareness of the weather is required.   -   There are no Weather-warnings

NOAA-Style Climate Reports

Select a Year or Month report
2018: Jan Feb Mar Apr May Jun Jul Aug Sep Oct Nov Dec
2017: Jan Feb Mar Apr May Jun Jul Aug Sep Oct Nov Dec
2016: Jan Feb Mar Apr May Jun Jul Aug Sep Oct Nov Dec
2015: Jan Feb Mar Apr May Jun Jul Aug Sep Oct Nov Dec
2014: Jan Feb Mar Apr May Jun Jul Aug Sep Oct Nov Dec
2013: Jan Feb Mar Apr May Jun Jul Aug Sep Oct Nov Dec
2012: Jan Feb Mar Apr May Jun Jul Aug Sep Oct Nov Dec

Report for 2016 September
                   Monthly Climatological Summary for Sep 2016

Name: Loughlinstown   City: Co Dublin   State: Ireland
Elevation: 24 m  Lat: N 53° 14' 54"   Lon: W 006° 08' 01"

                  Temperature (°C), Rain (mm), Wind Speed (km/h)

                                      Heat  Cool        Avg
    Mean                              Deg   Deg         Wind                 Dom
Day Temp  High   Time   Low    Time   Days  Days  Rain  Speed High   Time    Dir
----------------------------------------------------------------------------------
 1  15.4  19.8   13:05  10.1   01:22   3.0   0.1   0.0   5.1  32.8   18:56     S
 2  16.9  22.0   16:07  12.6   23:50   2.0   0.6   0.0   6.4  32.8   13:14    SW
 3  14.7  18.1   18:00  12.0   23:08   3.6   0.0  12.0   4.3  34.6   11:17     S
 4  15.6  21.6   13:32  11.8   00:36   2.9   0.3   3.4   7.5  34.6   04:05     W
 5  20.1  27.6   17:47  13.7   01:07   1.3   3.1   7.0   6.4  32.8   02:21   SSE
 6  21.6  26.7   16:18  17.2   07:30   0.1   3.4   0.0   6.1  32.8   22:03   SSE
 7  18.4  22.0   10:29  16.7   17:13   0.4   0.5   0.0   6.6  40.0   20:39    SE
 8  16.3  20.7   14:21  13.8   23:31   2.3   0.2   4.2   6.9  36.4   12:16   SSW
 9  15.4  17.9   18:52  12.7   23:28   2.9   0.0   4.6   9.2  49.2   15:23     S
10  14.3  18.8   12:02  11.1   07:49   4.0   0.0   0.0   4.2  29.0   00:50   SSW
11  15.0  18.5   11:21   9.7   07:25   3.3   0.0   0.0  12.2  52.8   18:00   SSE
12  18.3  22.4   15:32  16.4   00:00   0.7   0.7   3.4  10.1  49.2   03:30   SSE
13  14.7  18.1   15:46  12.2   06:16   3.6   0.0   3.4   6.5  25.4   23:35    NW
14  16.6  21.5   14:40  13.1   01:32   2.3   0.6   0.0   5.6  25.4   05:05    NW
15  15.6  20.5   12:17  10.5   06:38   3.0   0.4   0.0   2.7  34.6   23:52     W
16  14.5  19.0   14:31  11.0   06:15   3.8   0.0   0.0  11.7  41.8   01:18     W
17  14.4  19.4   13:28  10.2   23:56   3.9   0.0   0.0   4.6  32.8   01:46     W
18  13.2  21.0   10:35   7.4   06:01   5.2   0.1   3.2   2.9  23.6   16:39     W
19  13.0  16.5   12:41   9.4   07:18   5.3   0.0   0.2   4.8  27.2   01:21   WNW
20  12.0  16.8   11:27   6.9   03:53   6.3   0.0   0.0   2.3  23.6   15:58    SE
21  12.2  16.3   14:34   7.4   00:00   6.1   0.0   3.0   4.4  31.0   14:26   SSE
22  12.7  18.9   14:40   4.7   04:54   5.6   0.0   0.0   6.0  29.0   16:23   SSW
23  13.6  18.2   17:28   7.2   07:28   4.7   0.0   0.0   7.7  47.2   20:26   SSE
24  16.3  17.9   09:56  13.6   20:59   2.0   0.0   5.4  11.2  49.2   00:41   SSE
25  12.5  16.7   12:57   7.9   22:05   5.8   0.0   0.6   7.8  43.6   10:39    SW
26  13.1  17.4   14:41   9.2   00:21   5.2   0.0   2.6   2.9  25.4   23:51    SE
27  16.3  20.7   17:05  12.9   22:25   2.1   0.1   0.2   8.0  45.4   10:04    SW
28  18.9  25.2   16:49  13.6   00:00   1.2   1.9   0.2  10.8  54.6   12:00    SW
29  13.8  17.3   14:05   9.7   22:34   4.5   0.0   0.0  12.9  58.2   05:00   WSW
30  11.8  16.4   13:33   8.3   03:39   6.5   0.0   0.8   4.6  34.6   07:25    SW
----------------------------------------------------------------------------------
    15.2  27.6     5     4.7    22   103.6  12.0  54.2   6.7  58.2    29     SSW

Max >=  25.0:  3
Max <=   0.0:  0
Min <=   0.0:  0
Min <=  -5.0:  0
Max Rain: 12.0 on day 3
Days of Rain: 16 (>= 0.2 mm)  11 (>= 2.0 mm)  0 (>= 20.0 mm)
Heat Base: 18.3  Cool Base: 18.3  Method: Integration