No particular awareness of the weather is required.   -   There are no Weather-warnings

NOAA-Style Climate Reports

Select a Year or Month report
2018: Jan Feb Mar Apr May Jun Jul Aug Sep Oct Nov Dec
2017: Jan Feb Mar Apr May Jun Jul Aug Sep Oct Nov Dec
2016: Jan Feb Mar Apr May Jun Jul Aug Sep Oct Nov Dec
2015: Jan Feb Mar Apr May Jun Jul Aug Sep Oct Nov Dec
2014: Jan Feb Mar Apr May Jun Jul Aug Sep Oct Nov Dec
2013: Jan Feb Mar Apr May Jun Jul Aug Sep Oct Nov Dec
2012: Jan Feb Mar Apr May Jun Jul Aug Sep Oct Nov Dec

Report for 2016 October
                   Monthly Climatological Summary for Oct 2016

Name: Loughlinstown   City: Co Dublin   State: Ireland
Elevation: 24 m  Lat: N 53° 14' 54"   Lon: W 006° 08' 01"

                  Temperature (°C), Rain (mm), Wind Speed (km/h)

                                      Heat  Cool        Avg
    Mean                              Deg   Deg         Wind                 Dom
Day Temp  High   Time   Low    Time   Days  Days  Rain  Speed High   Time    Dir
----------------------------------------------------------------------------------
 1   9.2  13.4   15:49   5.3   23:58   9.1   0.0  16.0   3.8  32.8   14:19    NW
 2  10.0  15.6   10:37   3.1   07:45   8.3   0.0   0.0   2.8  27.2   16:24   ESE
 3  14.4  16.3   13:09  11.9   00:59   3.9   0.0   0.0  12.6  51.0   12:05    SE
 4  14.5  15.9   12:14  13.4   04:57   3.8   0.0   0.0  10.0  51.0   00:54    SE
 5  14.7  16.9   10:06  12.8   20:31   3.6   0.0   0.0   8.6  34.6   23:02   ESE
 6  12.8  15.1   15:04  11.4   07:13   5.5   0.0   0.0  11.5  41.8   02:29   ESE
 7  13.1  15.4   14:28  10.9   07:12   5.2   0.0   0.0   8.3  32.8   05:41   ESE
 8  12.7  15.7   15:05  10.4   05:44   5.6   0.0   0.0   0.2   9.0   13:43     E
 9  11.9  17.2   10:07   5.8   22:52   6.4   0.0   0.0   0.9  14.6   12:41    NE
10  10.1  15.2   11:44   5.3   03:12   8.2   0.0   0.0   3.3  25.4   20:08    NE
11  12.5  14.3   14:59  10.6   07:40   5.8   0.0   0.0   6.5  31.0   08:46     E
12  12.3  13.8   10:54   8.2   22:00   6.0   0.0   0.0   8.8  32.8   11:47   ENE
13  11.7  13.6   15:23   6.9   23:56   6.6   0.0   1.2   6.7  31.0   10:53   ENE
14  10.3  12.8   13:09   5.8   01:47   8.0   0.0  13.6   5.3  32.8   21:46   ESE
15  11.5  14.9   13:54   8.4   20:19   6.8   0.0  14.0   6.2  40.0   23:56   ESE
16  12.2  15.0   13:56  10.1   07:34   6.0   0.0   7.0  10.8  51.0   10:49    SE
17  12.2  16.6   16:28   9.6   06:37   6.1   0.0   0.4   9.2  45.4   10:25    SW
18   9.9  13.1   16:08   7.3   08:04   8.4   0.0   0.8  14.1  51.0   11:23     W
19  10.1  14.2   15:12   6.9   23:59   8.2   0.0   0.0   7.2  34.6   01:02   WNW
20   9.1  15.1   13:17   3.6   07:32   9.2   0.0   0.0   1.1  14.6   05:12    NW
21   9.6  14.7   12:05   4.8   05:48   8.7   0.0   0.0   1.0  20.0   15:50     E
22  10.1  12.7   12:07   5.8   07:52   8.3   0.0   0.0   4.0  32.8   22:28     E
23  10.7  11.9   10:51   9.1   07:00   7.6   0.0   1.4  11.8  47.2   11:45   ENE
24  10.9  12.8   13:36   9.9   04:46   7.4   0.0   0.2   9.7  34.6   07:01    NE
25  11.9  14.4   14:39   9.0   08:10   6.4   0.0   0.0   2.6  20.0   10:53   ESE
26  13.4  16.7   15:28  10.9   02:27   4.9   0.0   0.0   6.8  36.4   10:26   WSW
27  13.9  17.5   16:38   8.6   01:56   4.4   0.0   0.0   5.4  40.0   22:04    SW
28  14.9  17.3   12:24  13.6   06:28   3.4   0.0   0.0   4.7  27.2   01:00    SW
29  12.1  14.7   13:41   6.7   23:51   6.2   0.0   0.0   2.1  21.8   13:16   SSE
30  10.2  16.5   14:54   5.7   05:27   8.5   0.0   0.0   0.7  16.4   19:05   ESE
31  11.8  14.6   12:40   9.2   04:46   6.5   0.0   0.0   2.0  29.0   23:42   NNW
----------------------------------------------------------------------------------
    11.8  17.5    27     3.1     2   203.0   0.0  54.6   6.1  51.0     3     ESE

Max >=  25.0:  0
Max <=   0.0:  0
Min <=   0.0:  0
Min <=  -5.0:  0
Max Rain: 16.0 on day 1
Days of Rain: 9 (>= 0.2 mm)  4 (>= 2.0 mm)  0 (>= 20.0 mm)
Heat Base: 18.3  Cool Base: 18.3  Method: Integration