No particular awareness of the weather is required.   -   There are no Weather-warnings

NOAA-Style Climate Reports

Select a Year or Month report
2018: Jan Feb Mar Apr May Jun Jul Aug Sep Oct Nov Dec
2017: Jan Feb Mar Apr May Jun Jul Aug Sep Oct Nov Dec
2016: Jan Feb Mar Apr May Jun Jul Aug Sep Oct Nov Dec
2015: Jan Feb Mar Apr May Jun Jul Aug Sep Oct Nov Dec
2014: Jan Feb Mar Apr May Jun Jul Aug Sep Oct Nov Dec
2013: Jan Feb Mar Apr May Jun Jul Aug Sep Oct Nov Dec
2012: Jan Feb Mar Apr May Jun Jul Aug Sep Oct Nov Dec

Report for 2016 November
                   Monthly Climatological Summary for Nov 2016

Name: Loughlinstown   City: Co Dublin   State: Ireland
Elevation: 24 m  Lat: N 53° 14' 54"   Lon: W 006° 08' 01"

                  Temperature (°C), Rain (mm), Wind Speed (km/h)

                                      Heat  Cool        Avg
    Mean                              Deg   Deg         Wind                 Dom
Day Temp  High   Time   Low    Time   Days  Days  Rain  Speed High   Time    Dir
----------------------------------------------------------------------------------
 1   9.2  12.6   12:23   4.6   22:26   9.1   0.0   0.0   8.0  38.2   08:08     N
 2   7.0  11.6   13:06   3.9   22:08  11.3   0.0   0.0   4.2  25.4   11:35   WNW
 3   8.7  12.1   15:34   6.1   00:00   9.6   0.0   0.2   4.4  32.8   19:22    SW
 4   7.8  10.6   12:55   5.8   04:33  10.5   0.0   0.2  10.6  36.4   17:44     W
 5   6.1   9.6   11:42   3.1   23:38  12.2   0.0   0.0   9.8  34.6   13:09   WNW
 6   5.4   9.2   12:06   2.3   06:30  12.9   0.0   0.0  10.8  38.2   14:44   WNW
 7   5.5   9.3   13:06   2.2   07:56  12.8   0.0   0.0   6.0  25.4   00:23   WNW
 8   6.0   9.8   18:55   1.8   06:03  12.3   0.0   8.8   5.1  41.8   22:46   WSW
 9   7.5  10.8   14:28   4.7   02:12  10.8   0.0   0.0  12.5  43.6   02:08     W
10   8.0  10.6   13:33   6.1   23:38  10.3   0.0   0.0  13.2  41.8   06:41     W
11   7.2  12.2   23:22  -0.4   06:19  11.1   0.0   2.6   7.8  47.2   19:34   SSE
12  10.7  13.3   15:04   7.0   23:57   7.6   0.0   0.2  10.4  38.2   00:03     W
13  10.4  13.8   13:08   6.8   01:59   7.9   0.0   0.2   2.8  32.8   19:58   WSW
14  14.7  17.1   11:38  11.6   00:00   3.6   0.0   0.0   5.2  38.2   23:07   WSW
15  12.0  16.0   00:36   6.6   19:15   6.3   0.0   0.0   7.3  49.2   00:48     W
16   9.2  11.2   04:49   6.3   21:29   9.1   0.0   0.2  15.1  61.8   05:25   WSW
17   5.0   6.7   06:10   3.0   22:58  13.3   0.0   5.4  16.8  58.2   20:40   WSW
18   4.0   7.3   13:50   1.3   07:05  14.3   0.0   0.0  14.3  60.0   21:52     W
19   2.8   6.2   12:08  -0.1   20:00  15.5   0.0   0.0   4.8  36.4   00:09   WSW
20   1.9   5.6   14:52  -0.4   22:36  16.4   0.0   1.2   4.3  25.4   07:08   WNW
21   5.2   7.5   13:29   0.4   00:00  13.1   0.0   3.6  14.0  58.2   20:06     N
22   5.2   7.8   13:43   2.9   23:28  13.1   0.0   5.8  12.5  58.2   01:23    NW
23   5.6   8.3   14:26   2.4   04:41  12.7   0.0   4.0   5.7  27.2   00:03   NNW
24   7.9   9.4   12:33   6.9   22:44  10.4   0.0   0.0   8.1  29.0   06:44    NE
25   7.6   9.3   11:08   5.3   23:46  10.7   0.0   0.0   4.9  21.8   11:49   NNE
26   6.2   9.2   12:50   3.4   02:28  12.1   0.0   0.0   1.2  12.8   13:14    NW
27   8.4   9.9   14:17   7.2   06:27  10.0   0.0   0.0   4.1  29.0   14:07     E
28   7.5   8.6   00:02   5.4   23:53  10.8   0.0   0.0   5.3  29.0   03:38   ESE
29   2.3   9.2   14:29  -1.8   23:31  16.0   0.0   0.0   0.1   7.2   11:13   NNW
30   2.4  10.4   12:50  -2.2   01:59  15.9   0.0   0.0   0.4  11.0   12:48    NW
----------------------------------------------------------------------------------
     6.9  17.1    14    -2.2    30   341.7   0.0  32.4   7.7  61.8    16     WNW

Max >=  25.0:  0
Max <=   0.0:  0
Min <=   0.0:  5
Min <=  -5.0:  0
Max Rain: 8.8 on day 8
Days of Rain: 12 (>= 0.2 mm)  6 (>= 2.0 mm)  0 (>= 20.0 mm)
Heat Base: 18.3  Cool Base: 18.3  Method: Integration