No particular awareness of the weather is required.   -   There are no Weather-warnings

NOAA-Style Climate Reports

Select a Year or Month report
2018: Jan Feb Mar Apr May Jun Jul Aug Sep Oct Nov Dec
2017: Jan Feb Mar Apr May Jun Jul Aug Sep Oct Nov Dec
2016: Jan Feb Mar Apr May Jun Jul Aug Sep Oct Nov Dec
2015: Jan Feb Mar Apr May Jun Jul Aug Sep Oct Nov Dec
2014: Jan Feb Mar Apr May Jun Jul Aug Sep Oct Nov Dec
2013: Jan Feb Mar Apr May Jun Jul Aug Sep Oct Nov Dec
2012: Jan Feb Mar Apr May Jun Jul Aug Sep Oct Nov Dec

Report for 2016 December
                   Monthly Climatological Summary for Dec 2016

Name: Loughlinstown   City: Co Dublin   State: Ireland
Elevation: 24 m  Lat: N 53° 14' 54"   Lon: W 006° 08' 01"

                  Temperature (°C), Rain (mm), Wind Speed (km/h)

                                      Heat  Cool        Avg
    Mean                              Deg   Deg         Wind                 Dom
Day Temp  High   Time   Low    Time   Days  Days  Rain  Speed High   Time    Dir
----------------------------------------------------------------------------------
 1   1.8   9.3   13:57  -1.7   07:48  16.5   0.0   0.2   0.6  14.6   12:58    NW
 2   5.2   8.6   21:47  -1.7   01:04  13.1   0.0   0.0   1.6  16.4   21:43   NNW
 3   8.2   8.7   00:16   7.4   19:58  10.1   0.0   0.0   6.3  27.2   10:35   ESE
 4   7.0   8.7   13:53   4.8   19:22  11.3   0.0   0.0   7.9  34.6   09:57   ESE
 5   6.3   7.8   23:21   3.6   08:39  12.0   0.0   0.0   1.5  18.2   00:01    SE
 6  11.3  13.2   19:50   7.8   00:00   7.0   0.0   0.0  11.2  43.6   20:29    SE
 7  13.9  16.1   12:22  11.2   23:55   4.4   0.0   0.0   9.6  47.2   07:34   SSE
 8  11.0  13.2   13:37   9.1   15:59   7.3   0.0   6.2   3.4  43.6   23:33   SSE
 9  12.2  14.3   13:23  10.1   19:15   6.1   0.0   0.4   6.2  45.4   01:58   SSE
10   9.5  11.0   00:00   8.2   05:17   8.8   0.0   0.0   6.4  36.4   20:19   WSW
11   7.3  10.6   12:26   1.7   22:40  11.1   0.0   0.0   3.8  34.6   02:37   WSW
12   9.0  10.7   13:52   5.4   00:15   9.3   0.0   0.2   2.1  23.6   02:25    SE
13  10.5  12.4   21:24   9.2   12:50   7.8   0.0   6.8   8.7  38.2   21:32    SE
14   9.1  12.3   01:22   4.7   20:10   9.2   0.0  14.8   5.8  40.0   02:07   SSE
15   8.8  11.5   12:23   4.9   18:29   9.5   0.0   1.6   5.9  32.8   13:02    SE
16   7.8  10.3   01:38   3.3   23:23  10.5   0.0   6.2   8.3  43.6   02:07   WSW
17   2.6   7.6   13:56  -0.8   07:48  15.7   0.0   0.2   0.5  16.4   01:29     W
18   3.5   8.7   14:12   0.7   22:23  14.9   0.0   0.2   0.1   7.2   22:32   WSW
19   6.1   9.8   11:49   1.3   00:00  12.2   0.0   0.0   3.0  25.4   10:49   WNW
20   5.6   8.0   19:06   0.9   06:44  12.7   0.0   2.0   4.2  34.6   18:41     S
21   6.5   8.4   06:23   4.6   16:58  11.8   0.0   1.4   8.9  47.2   11:20    SW
22   6.8   8.7   13:05   5.4   00:41  11.2   0.0   0.0   7.9  40.0   17:43   SSW
23   8.6  12.8   12:22   6.2   21:40   9.7   0.0   5.0  18.3  69.2   15:25    SW
24   8.9  12.2   23:58   6.6   00:00   9.4   0.0   1.6  18.1  67.2   00:26   WSW
25  11.4  14.4   13:21   6.7   22:55   6.9   0.0   0.4  12.2  56.4   15:15    SW
26   6.0   7.9   13:20   3.3   21:56  12.3   0.0   0.0  13.3  60.0   05:18   WSW
27   4.2   8.2   13:28  -0.7   08:52  14.1   0.0   0.0   2.0  18.2   13:27     S
28   6.6   9.5   13:04   0.4   23:24  11.7   0.0   0.0   4.7  27.2   12:16    SE
29   5.8  11.1   22:12  -0.8   04:32  12.5   0.0   0.2   3.9  34.6   21:55     S
30  11.3  13.1   12:49   6.8   03:34   6.9   0.0   0.0   5.7  36.4   16:29    SW
31  10.6  11.5   00:14   6.8   23:58   7.7   0.0   4.0   9.4  41.8   20:56    SW
----------------------------------------------------------------------------------
     7.9  16.1     7    -1.7     1   323.7   0.0  51.4   6.5  69.2    23     SSW

Max >=  25.0:  0
Max <=   0.0:  0
Min <=   0.0:  5
Min <=  -5.0:  0
Max Rain: 14.8 on day 14
Days of Rain: 17 (>= 0.2 mm)  7 (>= 2.0 mm)  0 (>= 20.0 mm)
Heat Base: 18.3  Cool Base: 18.3  Method: Integration