No particular awareness of the weather is required.   -   There are no Weather-warnings

NOAA-Style Climate Reports

Select a Year or Month report
2018: Jan Feb Mar Apr May Jun Jul Aug Sep Oct Nov Dec
2017: Jan Feb Mar Apr May Jun Jul Aug Sep Oct Nov Dec
2016: Jan Feb Mar Apr May Jun Jul Aug Sep Oct Nov Dec
2015: Jan Feb Mar Apr May Jun Jul Aug Sep Oct Nov Dec
2014: Jan Feb Mar Apr May Jun Jul Aug Sep Oct Nov Dec
2013: Jan Feb Mar Apr May Jun Jul Aug Sep Oct Nov Dec
2012: Jan Feb Mar Apr May Jun Jul Aug Sep Oct Nov Dec

Report for 2017
                   Annual Climatological Summary for 2017

Name: Loughlinstown   City: Co Dublin   State: Ireland
Elevation: 24 m  Lat: N 53° 14' 54"   Lon: W 006° 08' 01"

                  Temperature (°C), Heat Base: 18.3  Cool Base: 18.3
                          Dep.  Heat  Cool                       Max  Max  Min  Min
        Mean  Mean        From  Deg   Deg                        >=   <=   <=   <=
 YR MO  Max   Min   Mean  Norm  Days  Days  Hi  Date  Low  Date 25.0  0.0  0.0  -5.0
------------------------------------------------------------------------------------
 17  1   9.3   4.0   6.8   1.1   348     0  13.4   6  -3.5   21    0    0    4    0
 17  2  10.2   4.2   7.2   1.5   310     0  14.7  20  -3.2    5    0    0    4    0
 17  3  12.8   5.1   8.9   1.8   292     0  16.8  19  -0.5   25    0    0    2    0
 17  4  14.1   5.5   9.8   0.7   255     0  17.2   9   0.2    8    0    0    0    0
 17  5  17.7   7.8  12.6   0.9   180     3  24.5  25   0.7   10    0    0    0    0
 17  6  20.2  11.6  15.5   0.8    98    15  27.1  17   7.4    4    2    0    0    0
 17  7  21.6  12.1  16.5   0.3    76    20  27.6  15   8.3    1    2    0    0    0
 17  8  20.8  11.7  15.8  -0.1    89    11  24.5  28   7.8   13    0    0    0    0
 17  9  18.0   9.3  13.4  -0.7   149     1  20.9  19   5.3   19    0    0    0    0
 17 10  16.2   8.9  12.5   0.9   180     1  22.2  13   1.9   18    0    0    0    0
 17 11  10.9   4.0   7.6  -0.5   320     0  16.0   1  -2.6   24    0    0    3    0
 17 12   9.0   3.4   6.3  -0.5   373     0  14.5   6  -1.5   11    0    0    6    0
------------------------------------------------------------------------------------
        15.1   7.3  11.1   0.5  2675    53  27.6 Jul  -3.5  Jan    4    0   19    0

                                Precipitation (mm)

              Dep.   Max        Days of Rain
              From   Obs.           >=
 YR MO Total  Norm   Day Date  0.2  2.0 20.0
---------------------------------------------
 17  1  16.4 -55.6   7.2  31    10    2    0
 17  2  76.2  19.2  18.6   2    18   11    0
 17  3  65.6  14.6  21.4  22    19   10    1
 17  4  12.8 -33.2   5.6   1     9    3    0
 17  5  50.0  -8.0  26.2  27    13    7    1
 17  6  75.4  21.4  13.8   5    18    9    0
 17  7  30.0 -21.0   7.0  21    12    5    0
 17  8  50.4 -11.6  21.8  14    14    6    1
 17  9  70.4   1.4  16.6   3    23   10    0
 17 10  50.8 -15.2  15.6  19    19    6    0
 17 11  48.8 -22.2  24.8  22    15    5    1
 17 12  58.6 -21.4  15.0  10    17    9    0
---------------------------------------------
       605.4-131.6  26.2  May  187   83    4

                                Wind Speed (km/h)
                          Dom
 YR MO   Avg.  Hi   Date  Dir
------------------------------
 17  1   8.5  78.2   11   WSW
 17  2  10.5 102.0   23   SSW
 17  3   8.6  91.0   17   WSW
 17  4   7.6  60.0    3     W
 17  5   5.8  47.2   15     E
 17  6   7.5  58.2    6   WSW
 17  7   6.5  51.0   27   WSW
 17  8   6.6  47.2   16   WSW
 17  9   8.0  78.2   11   WSW
 17 10   8.9  83.6   16    SW
 17 11   8.4  63.6   23     W
 17 12  10.2  80.0   29     W
------------------------------
         8.1 102.0  Feb   WSW