No particular awareness of the weather is required.   -   There are no Weather-warnings

NOAA-Style Climate Reports

Select a Year or Month report
2018: Jan Feb Mar Apr May Jun Jul Aug Sep Oct Nov Dec
2017: Jan Feb Mar Apr May Jun Jul Aug Sep Oct Nov Dec
2016: Jan Feb Mar Apr May Jun Jul Aug Sep Oct Nov Dec
2015: Jan Feb Mar Apr May Jun Jul Aug Sep Oct Nov Dec
2014: Jan Feb Mar Apr May Jun Jul Aug Sep Oct Nov Dec
2013: Jan Feb Mar Apr May Jun Jul Aug Sep Oct Nov Dec
2012: Jan Feb Mar Apr May Jun Jul Aug Sep Oct Nov Dec

Report for 2017 January
                   Monthly Climatological Summary for Jan 2017

Name: Loughlinstown   City: Co Dublin   State: Ireland
Elevation: 24 m  Lat: N 53° 14' 54"   Lon: W 006° 08' 01"

                  Temperature (°C), Rain (mm), Wind Speed (km/h)

                                      Heat  Cool        Avg
    Mean                              Deg   Deg         Wind                 Dom
Day Temp  High   Time   Low    Time   Days  Days  Rain  Speed High   Time    Dir
----------------------------------------------------------------------------------
 1   5.2   6.8   00:00   2.5   06:46  13.1   0.0   1.4  12.3  49.2   13:11   NNW
 2   3.8   6.6   00:18   0.1   09:32  14.5   0.0   0.0   7.7  40.0   00:10    NW
 3   4.8   6.3   20:50   2.1   03:47  13.5   0.0   0.0   9.8  40.0   20:48     W
 4   5.5   7.1   13:29   3.0   19:13  12.8   0.0   0.0   8.0  36.4   02:25     W
 5   6.9   9.2   23:18   4.1   01:49  11.4   0.0   0.0   5.1  34.6   19:54    SE
 6  11.1  13.4   13:57   8.8   01:00   7.2   0.0   0.2   6.3  34.6   03:34     S
 7  10.2  12.1   12:23   7.7   22:25   8.1   0.0   0.0   1.3  21.8   02:11   WNW
 8   9.5  12.2   14:43   5.2   06:34   8.8   0.0   0.2   1.7  41.8   23:53    SW
 9   8.0  10.9   06:58   5.9   18:30  10.3   0.0   1.4  14.8  65.4   23:31   WSW
10   9.3  12.5   23:58   6.5   01:50   9.0   0.0   0.0  20.2  63.6   00:32     W
11   7.8  12.5   00:00   5.4   17:28  10.5   0.0   0.0  24.0  78.2   01:44     W
12   3.6   5.8   00:00   1.6   23:58  14.6   0.0   0.2  15.4  54.6   00:01     W
13   2.5   4.7   14:28   0.9   02:23  15.8   0.0   0.0  17.0  54.6   06:29     W
15   7.2  10.9   14:40   3.2   00:00  15.2   0.0   0.0  14.1  61.8   08:22     W
16   9.6  11.3   13:40   8.5   07:31   8.7   0.0   0.0   7.5  36.4   02:15   WNW
17   9.4  10.7   13:15   7.8   07:23   8.9   0.0   0.0   0.6  12.8   21:10   ESE
18   8.0   9.9   14:15   6.7   05:40  10.3   0.0   0.0   0.7  12.8   13:28   SSW
19   7.7   8.4   13:11   7.1   08:51  10.6   0.0   0.0   0.8  16.4   23:58    SE
20   5.8   8.7   11:46  -1.6   23:57  12.5   0.0   0.0   3.4  23.6   13:17    SE
21   0.3   5.1   13:52  -3.5   06:52  18.0   0.0   0.0   1.2  23.6   11:35    SE
22   2.6   7.0   15:17  -1.3   19:50  15.7   0.0   0.0   0.1   9.0   04:16    NE
23   6.4  10.6   13:58   1.2   07:46  11.9   0.0   0.0   3.6  31.0   13:21   SSE
24  10.0  12.4   13:18   7.4   00:00   8.3   0.0   0.0   5.6  41.8   20:21   SSE
25   9.1  10.1   12:07   7.7   23:30   9.2   0.0   0.0  16.6  60.0   16:02   SSE
26   5.7   7.7   00:00   4.9   12:43  12.6   0.0   0.0  19.3  54.6   01:39    SE
27   6.5   8.4   14:31   4.7   21:08  11.8   0.0   1.2  10.6  54.6   04:15    SE
28   4.8   8.4   12:17   2.2   20:36  13.5   0.0   0.8   6.6  32.8   13:48   WSW
29   5.3   8.1   15:50  -0.1   05:49  13.0   0.0   0.4   3.4  20.0   01:24   SSE
30   8.6  10.0   22:11   7.2   00:57   9.7   0.0   3.4  10.9  49.2   22:50    SE
31   9.1  10.9   01:08   4.6   23:27   9.2   0.0   7.2   3.0  31.0   00:03   SSE
----------------------------------------------------------------------------------
     6.8  13.4     6    -3.5    21   348.7   0.0  16.4   8.3  78.2    11     WSW

Max >=  25.0:  0
Max <=   0.0:  0
Min <=   0.0:  4
Min <=  -5.0:  0
Max Rain: 7.2 on day 31
Days of Rain: 10 (>= 0.2 mm)  2 (>= 2.0 mm)  0 (>= 20.0 mm)
Heat Base: 18.3  Cool Base: 18.3  Method: Integration