No particular awareness of the weather is required.   -   There are no Weather-warnings

NOAA-Style Climate Reports

Select a Year or Month report
2018: Jan Feb Mar Apr May Jun Jul Aug Sep Oct Nov Dec
2017: Jan Feb Mar Apr May Jun Jul Aug Sep Oct Nov Dec
2016: Jan Feb Mar Apr May Jun Jul Aug Sep Oct Nov Dec
2015: Jan Feb Mar Apr May Jun Jul Aug Sep Oct Nov Dec
2014: Jan Feb Mar Apr May Jun Jul Aug Sep Oct Nov Dec
2013: Jan Feb Mar Apr May Jun Jul Aug Sep Oct Nov Dec
2012: Jan Feb Mar Apr May Jun Jul Aug Sep Oct Nov Dec

Report for 2017 February
                   Monthly Climatological Summary for Feb 2017

Name: Loughlinstown   City: Co Dublin   State: Ireland
Elevation: 24 m  Lat: N 53° 14' 54"   Lon: W 006° 08' 01"

                  Temperature (°C), Rain (mm), Wind Speed (km/h)

                                      Heat  Cool        Avg
    Mean                              Deg   Deg         Wind                 Dom
Day Temp  High   Time   Low    Time   Days  Days  Rain  Speed High   Time    Dir
----------------------------------------------------------------------------------
 1   7.5  10.3   23:55   3.1   06:18  10.8   0.0   3.2   9.4  51.0   13:47    SE
 2  10.0  10.7   12:43   9.2   23:53   8.3   0.0  18.6  20.1  83.6   15:55    SE
 3   5.3   9.3   00:02   2.4   23:58  13.0   0.0  12.0   6.0  49.2   01:35   SSW
 4   3.6   7.3   10:16  -1.1   23:48  14.7   0.0   0.0   4.4  29.0   01:54   SSW
 5   2.4   8.6   13:53  -3.2   05:19  16.0   0.0   0.2   3.1  31.0   14:39     W
 6   5.2   8.6   19:10  -1.3   02:04  13.1   0.0   5.8  11.1  72.8   11:25    SE
 7   5.3   9.2   15:22   1.6   07:40  13.0   0.0   0.0   6.0  31.0   16:46     W
 8   4.5   9.0   11:58  -0.7   07:23  13.8   0.0   0.0   4.3  34.6   22:43   SSE
 9   4.8   6.6   00:00   3.1   18:56  13.5   0.0   0.0  12.4  41.8   08:18    SE
10   3.8   4.6   20:31   3.1   01:48  14.5   0.0   0.0   8.7  36.4   22:57   ENE
11   3.9   5.6   16:10   1.4   07:47  14.4   0.0   2.6  14.1  51.0   16:24     N
12   4.8   5.6   00:09   3.8   16:41  13.5   0.0   2.6  18.7  51.0   03:28   ENE
13   7.5   9.7   13:57   5.4   00:00  10.8   0.0   0.0  11.8  38.2   03:10   ENE
14   7.0   8.2   22:44   5.5   01:59  11.3   0.0   2.6   6.8  32.8   07:03    SE
15   9.8  14.3   13:47   7.8   23:37   8.5   0.0   0.2   8.2  38.2   23:43     S
16   8.9  10.4   15:10   5.5   04:28   9.4   0.0   0.0   8.8  40.0   11:07    SW
17   9.1  11.2   13:29   5.6   07:56   9.2   0.0   0.0   6.2  38.2   13:03    SE
18  10.8  13.9   16:16   8.6   22:54   7.5   0.0   0.0   7.8  32.8   00:01     S
19  11.7  14.3   15:35   7.3   01:47   6.6   0.0   0.0   7.3  40.0   23:36   WSW
20  12.4  14.7   14:59  10.1   23:25   5.9   0.0   0.2  12.0  58.2   08:20     W
21  11.6  14.3   12:50   8.5   04:01   6.7   0.0   0.4  11.8  67.2   23:21   WSW
22  10.2  12.7   14:57   8.4   05:38   8.1   0.0   5.4  13.0  78.2   01:01     W
23   6.8  11.4   02:51   3.6   21:56  11.5   0.0   5.8  23.7 102.0   07:22     W
24   6.9  10.2   12:00   3.3   05:15  11.4   0.0   0.2   8.1  41.8   00:25   WSW
25  10.3  14.3   14:00   7.5   23:58   8.0   0.0   1.4  11.0  54.6   05:35   SSW
26   8.4  12.3   14:03   4.8   21:42   9.9   0.0   2.4  14.6  67.2   11:13   SSW
27   4.8   9.9   15:20   1.6   07:37  13.5   0.0   0.2   7.0  34.6   01:48   WSW
28   5.1   9.0   12:25   1.4   02:19  13.2   0.0  12.4  17.7  71.0   12:38     W
----------------------------------------------------------------------------------
     7.2  14.7    20    -3.2     5   310.1   0.0  76.2  10.5 102.0    23     SSW

Max >=  25.0:  0
Max <=   0.0:  0
Min <=   0.0:  4
Min <=  -5.0:  0
Max Rain: 18.6 on day 2
Days of Rain: 18 (>= 0.2 mm)  11 (>= 2.0 mm)  0 (>= 20.0 mm)
Heat Base: 18.3  Cool Base: 18.3  Method: Integration