No particular awareness of the weather is required.   -   There are no Weather-warnings

NOAA-Style Climate Reports

Select a Year or Month report
2018: Jan Feb Mar Apr May Jun Jul Aug Sep Oct Nov Dec
2017: Jan Feb Mar Apr May Jun Jul Aug Sep Oct Nov Dec
2016: Jan Feb Mar Apr May Jun Jul Aug Sep Oct Nov Dec
2015: Jan Feb Mar Apr May Jun Jul Aug Sep Oct Nov Dec
2014: Jan Feb Mar Apr May Jun Jul Aug Sep Oct Nov Dec
2013: Jan Feb Mar Apr May Jun Jul Aug Sep Oct Nov Dec
2012: Jan Feb Mar Apr May Jun Jul Aug Sep Oct Nov Dec

Report for 2017 March
                   Monthly Climatological Summary for Mar 2017

Name: Loughlinstown   City: Co Dublin   State: Ireland
Elevation: 24 m  Lat: N 53° 14' 54"   Lon: W 006° 08' 01"

                  Temperature (°C), Rain (mm), Wind Speed (km/h)

                                      Heat  Cool        Avg
    Mean                              Deg   Deg         Wind                 Dom
Day Temp  High   Time   Low    Time   Days  Days  Rain  Speed High   Time    Dir
----------------------------------------------------------------------------------
 1   5.9  11.1   11:50   3.0   06:41  12.4   0.0   2.2  10.9  76.4   22:59   WSW
 2   6.6   8.9   11:32   3.8   05:33  11.7   0.0   2.4  14.7  78.2   02:56   WSW
 3   7.3   9.2   16:01   5.7   02:53  11.0   0.0  15.2   6.6  32.8   11:50     E
 4   6.9   9.8   09:55   5.6   19:46  11.4   0.0   1.2   8.6  41.8   20:04   WSW
 5   5.7   8.1   12:38   4.1   07:45  12.6   0.0   2.4   8.3  40.0   16:38     W
 6   4.6   9.3   10:05  -0.4   06:14  13.7   0.0   4.8   5.6  38.2   21:53     W
 7   6.6  12.3   22:52   1.5   06:54  11.7   0.0   1.2   7.6  45.4   14:29   SSE
 8  10.6  15.1   15:22   7.9   06:26   7.7   0.0   0.0   7.2  49.2   00:02   WSW
 9   9.9  14.3   12:38   7.9   07:17   8.4   0.0   0.0  10.3  65.4   02:55   WSW
10  10.5  13.0   11:22   8.2   01:53   7.8   0.0   0.0   8.2  51.0   22:19   SSE
11   9.5  11.8   12:29   6.2   19:53   8.8   0.0   2.2   1.6  21.8   01:54    SE
12   8.5  13.5   13:41   4.4   23:28   9.9   0.0   2.4   7.5  47.2   10:09     W
13  11.6  16.3   15:10   4.8   01:06   6.7   0.0   0.0   7.3  34.6   20:11   WSW
14  12.8  16.3   12:38   9.7   23:56   5.5   0.0   0.0   9.3  36.4   13:17   WSW
15  11.3  16.7   12:48   4.4   06:49   7.0   0.0   0.0   2.9  27.2   13:57    SE
16   9.4  14.4   10:09   4.7   21:24   8.9   0.0   0.6   8.4  51.0   13:27   WSW
17   9.1  12.6   19:16   4.9   01:26   9.2   0.0   0.4  19.5  91.0   21:03   WSW
18  12.9  16.7   13:37  10.9   06:37   5.4   0.0   0.0  15.3  56.4   00:09     W
19  12.8  16.8   13:54  10.6   21:03   5.5   0.0   0.0  13.3  60.0   13:18   WSW
20   8.6  12.2   13:03   2.9   23:59   9.7   0.0   0.6  14.3  51.0   20:06   WSW
21   5.4  10.3   14:22   1.8   05:05  12.9   0.0   2.6  12.6  49.2   03:49   WSW
22   4.7   5.6   23:01   3.6   00:29  13.6   0.0  21.4  13.5  45.4   20:00     N
23   7.8  10.2   09:57   5.2   01:00  10.5   0.0   2.4  11.8  43.6   06:07   NNE
24   7.4  11.6   12:55   1.5   23:55  10.9   0.0   0.0   5.5  25.4   02:17    NE
25   7.0  14.9   12:52  -0.5   06:19  11.2   0.0   0.0   2.4  16.4   09:18   NNW
26   8.5  14.0   09:49   1.1   07:15   9.4   0.0   0.0   3.1  20.0   04:10    NE
27   8.9  13.2   12:13   3.4   23:54   9.3   0.0   0.0   2.7  18.2   15:26   ENE
28   8.7  12.4   17:39   2.9   00:24   9.6   0.0   1.4   5.2  34.6   22:53    SE
29  11.7  16.4   15:21   8.6   03:32   6.6   0.0   0.2   7.0  38.2   09:56    SE
30  11.8  15.2   13:33  10.4   05:00   6.5   0.0   1.0   7.3  29.0   13:02    SE
31  11.7  14.8   15:14   8.5   23:07   6.6   0.0   1.0   8.5  43.6   18:17     S
----------------------------------------------------------------------------------
     8.9  16.8    19    -0.5    25   292.1   0.0  65.6   8.6  91.0    17     WSW

Max >=  25.0:  0
Max <=   0.0:  0
Min <=   0.0:  2
Min <=  -5.0:  0
Max Rain: 21.4 on day 22
Days of Rain: 19 (>= 0.2 mm)  10 (>= 2.0 mm)  1 (>= 20.0 mm)
Heat Base: 18.3  Cool Base: 18.3  Method: Integration