No particular awareness of the weather is required.   -   There are no Weather-warnings

NOAA-Style Climate Reports

Select a Year or Month report
2018: Jan Feb Mar Apr May Jun Jul Aug Sep Oct Nov Dec
2017: Jan Feb Mar Apr May Jun Jul Aug Sep Oct Nov Dec
2016: Jan Feb Mar Apr May Jun Jul Aug Sep Oct Nov Dec
2015: Jan Feb Mar Apr May Jun Jul Aug Sep Oct Nov Dec
2014: Jan Feb Mar Apr May Jun Jul Aug Sep Oct Nov Dec
2013: Jan Feb Mar Apr May Jun Jul Aug Sep Oct Nov Dec
2012: Jan Feb Mar Apr May Jun Jul Aug Sep Oct Nov Dec

Report for 2017 April
                   Monthly Climatological Summary for Apr 2017

Name: Loughlinstown   City: Co Dublin   State: Ireland
Elevation: 24 m  Lat: N 53° 14' 54"   Lon: W 006° 08' 01"

                  Temperature (°C), Rain (mm), Wind Speed (km/h)

                                      Heat  Cool        Avg
    Mean                              Deg   Deg         Wind                 Dom
Day Temp  High   Time   Low    Time   Days  Days  Rain  Speed High   Time    Dir
----------------------------------------------------------------------------------
 1   9.0  15.6   12:52   3.6   04:56   9.3   0.0   5.6   6.5  32.8   13:04   WNW
 2   9.1  14.9   09:59   2.1   07:13   9.2   0.0   0.0   6.3  40.0   15:53    SE
 3  10.6  13.9   17:26   7.6   01:17   7.7   0.0   0.0  11.5  60.0   09:55   SSE
 4  10.5  12.9   14:12   7.4   07:25   7.8   0.0   0.0  11.6  51.0   03:34   WNW
 5  10.1  12.6   13:00   8.2   06:08   8.2   0.0   0.0   7.6  31.0   11:00   WNW
 6   9.9  13.5   15:13   8.3   06:15   8.4   0.0   0.0   3.7  21.8   14:49     W
 7   9.0  12.3   11:51   4.4   23:59   9.3   0.0   0.0   3.7  27.2   16:22   ESE
 8   8.4  14.5   15:56   0.2   06:49   9.9   0.0   0.0   4.6  34.6   15:01   ESE
 9  10.6  17.2   11:51   4.5   07:01   7.7   0.0   0.2   6.8  34.6   16:02     W
10   9.5  15.5   16:53   5.1   06:16   8.8   0.0   0.0  10.9  43.6   03:56   WNW
11   9.9  15.6   14:52   4.8   01:58   8.4   0.0   0.0  10.9  45.4   22:52     W
12  11.2  16.3   14:42   7.1   23:07   7.1   0.0   0.0  13.4  45.4   14:53     W
13   9.8  13.7   13:36   5.7   07:25   8.5   0.0   0.0   6.4  32.8   12:26     W
14  11.0  15.2   11:00   8.2   22:44   7.3   0.0   0.6   8.3  36.4   14:20     W
15   9.8  15.2   15:48   5.1   04:19   8.5   0.0   0.0  10.3  40.0   15:56     W
16  10.6  15.7   12:22   6.8   02:11   7.7   0.0   0.6   9.9  47.2   10:42     W
17   9.2  14.6   12:08   3.1   23:58   9.1   0.0   0.0   7.0  31.0   03:02    NW
18   7.9  12.7   14:11   1.6   03:36  10.4   0.0   0.0   3.0  20.0   15:41     E
19  10.6  13.2   17:38   7.9   05:58   7.7   0.0   2.6   1.0  14.6   19:42   NNE
20  12.5  15.7   13:23  10.2   06:19   5.8   0.0   0.0   5.9  23.6   13:53     W
21  12.0  14.6   15:13  10.2   06:47   6.3   0.0   0.0   6.5  27.2   12:57     W
22  10.6  13.3   12:43   8.2   06:19   7.7   0.0   0.0   3.2  21.8   00:28   NNW
23  10.0  13.5   18:44   3.1   06:43   8.3   0.0   0.2   2.6  21.8   20:52   NNE
24   8.7  12.7   10:32   3.3   22:49   9.6   0.0   0.2  10.3  47.2   23:55    NW
25   6.6  12.0   11:51   1.9   04:46  11.7   0.0   0.4  13.7  47.2   15:01    NW
26   7.0  12.5   13:14   1.6   06:02  11.3   0.0   0.0   6.8  31.0   11:01   NNW
27   8.9  13.5   10:32   4.5   03:36   9.4   0.0   0.0   9.0  36.4   12:22   WNW
28   9.5  12.8   10:04   7.1   06:10   8.6   0.0   0.0   5.5  27.3   00:10   WSW
29  10.2  13.2   10:41   6.6   06:27   8.1   0.0   0.0  10.5  51.0   15:03    SE
30  10.6  12.9   12:35   7.8   23:57   7.7   0.0   2.4   9.2  49.2   03:35   ESE
----------------------------------------------------------------------------------
     9.8  17.2     9     0.2     8   255.5   0.0  12.8   7.6  60.0     3       W

Max >=  25.0:  0
Max <=   0.0:  0
Min <=   0.0:  0
Min <=  -5.0:  0
Max Rain: 5.6 on day 1
Days of Rain: 9 (>= 0.2 mm)  3 (>= 2.0 mm)  0 (>= 20.0 mm)
Heat Base: 18.3  Cool Base: 18.3  Method: Integration