No particular awareness of the weather is required.   -   There are no Weather-warnings

NOAA-Style Climate Reports

Select a Year or Month report
2018: Jan Feb Mar Apr May Jun Jul Aug Sep Oct Nov Dec
2017: Jan Feb Mar Apr May Jun Jul Aug Sep Oct Nov Dec
2016: Jan Feb Mar Apr May Jun Jul Aug Sep Oct Nov Dec
2015: Jan Feb Mar Apr May Jun Jul Aug Sep Oct Nov Dec
2014: Jan Feb Mar Apr May Jun Jul Aug Sep Oct Nov Dec
2013: Jan Feb Mar Apr May Jun Jul Aug Sep Oct Nov Dec
2012: Jan Feb Mar Apr May Jun Jul Aug Sep Oct Nov Dec

Report for 2017 May
                   Monthly Climatological Summary for May 2017

Name: Loughlinstown   City: Co Dublin   State: Ireland
Elevation: 24 m  Lat: N 53° 14' 54"   Lon: W 006° 08' 01"

                  Temperature (°C), Rain (mm), Wind Speed (km/h)

                                      Heat  Cool        Avg
    Mean                              Deg   Deg         Wind                 Dom
Day Temp  High   Time   Low    Time   Days  Days  Rain  Speed High   Time    Dir
----------------------------------------------------------------------------------
 1  11.9  17.2   15:32   6.3   23:58   6.4   0.0   0.0   4.8  31.0   13:20     N
 2   9.8  15.0   11:47   3.9   05:09   8.5   0.0   0.0   2.8  20.0   15:10   ENE
 3  11.3  16.2   14:41   5.5   02:13   7.0   0.0   0.0   8.5  40.0   17:44   NNE
 4  11.6  15.1   16:38   9.1   02:38   6.7   0.0   0.0  12.9  45.4   22:13    NE
 5  11.3  14.6   15:21   8.3   05:29   7.0   0.0   0.0  14.7  43.6   00:08    NE
 6  10.1  12.3   15:58   8.5   04:15   8.2   0.0   0.0  10.8  43.6   04:17    NE
 7  13.5  20.1   11:21   5.6   06:14   4.9   0.1   0.0   2.0  20.0   10:51   ENE
 8  10.2  15.5   13:06   5.1   03:56   8.1   0.0   0.0   4.3  23.6   11:27   NNE
 9   8.6  13.5   13:06   2.4   04:54   9.7   0.0   0.0   3.4  20.0   11:19   ENE
10   9.0  14.4   13:23   0.7   05:16   9.3   0.0   0.0   3.2  21.8   13:39     E
11  11.0  18.1   12:51   2.1   04:11   7.3   0.0   0.2   1.4  18.2   12:23   ENE
12  12.0  14.7   12:08  10.9   01:52   6.3   0.0   3.4   1.2  16.4   15:15     E
13  12.4  16.7   12:13   8.6   23:37   5.9   0.0   2.4   8.2  41.8   11:38     S
14  12.7  19.1   13:35   6.6   06:04   5.6   0.0   0.0   7.3  36.4   15:50     S
15  14.4  19.0   16:27  10.8   03:48   3.9   0.0   2.8  15.1  47.2   04:18    SE
16  16.2  20.1   12:06   9.1   23:46   2.5   0.4   0.2   9.8  40.0   14:25     S
17  12.1  17.6   15:14   7.0   03:21   6.2   0.0   1.8   2.7  27.2   21:37   ESE
18  10.3  15.7   10:35   5.7   23:57   8.0   0.0   6.0   4.6  29.0   15:13    SW
19  10.1  16.9   10:40   3.3   04:02   8.2   0.0   3.2   4.3  29.0   13:45   SSE
20  12.0  17.5   17:24   8.4   05:41   6.3   0.0   1.0   4.4  34.6   14:37   WSW
21  12.9  16.8   11:20  10.7   00:00   5.5   0.0   0.0   8.8  40.0   20:06   SSE
22  15.3  22.7   16:40  11.8   03:16   3.5   0.5   0.2   8.6  31.0   15:20     S
23  16.2  23.6   17:44  10.2   04:14   2.8   0.7   0.0   3.2  23.6   19:42     W
24  15.0  18.5   12:57  10.9   23:34   3.3   0.0   0.0   2.4  18.2   12:21     E
25  15.5  24.5   17:06  10.6   05:14   3.9   1.1   0.0   4.5  32.8   15:08   ESE
26  15.8  21.4   13:37  10.8   04:11   3.0   0.6   0.0   3.8  29.0   13:00   ESE
27  13.7  15.8   15:45  10.3   03:14   4.6   0.0  26.2   6.1  41.8   17:54     W
28  13.3  17.6   11:02   9.7   04:08   5.0   0.0   0.2   5.7  36.4   00:08    NW
29  13.7  20.0   12:40  11.3   00:30   4.7   0.1   2.4   0.9  12.8   14:19   NNE
30  16.1  21.3   16:37  10.1   23:55   2.6   0.4   0.0   4.9  41.8   15:19     W
31  12.9  17.8   18:29   6.7   04:47   5.4   0.0   0.0   5.0  25.4   11:17   ESE
----------------------------------------------------------------------------------
    12.6  24.5    25     0.7    10   180.3   3.9  50.0   5.8  47.2    15     ESE

Max >=  25.0:  0
Max <=   0.0:  0
Min <=   0.0:  0
Min <=  -5.0:  0
Max Rain: 26.2 on day 27
Days of Rain: 13 (>= 0.2 mm)  7 (>= 2.0 mm)  1 (>= 20.0 mm)
Heat Base: 18.3  Cool Base: 18.3  Method: Integration