No particular awareness of the weather is required.   -   There are no Weather-warnings

NOAA-Style Climate Reports

Select a Year or Month report
2018: Jan Feb Mar Apr May Jun Jul Aug Sep Oct Nov Dec
2017: Jan Feb Mar Apr May Jun Jul Aug Sep Oct Nov Dec
2016: Jan Feb Mar Apr May Jun Jul Aug Sep Oct Nov Dec
2015: Jan Feb Mar Apr May Jun Jul Aug Sep Oct Nov Dec
2014: Jan Feb Mar Apr May Jun Jul Aug Sep Oct Nov Dec
2013: Jan Feb Mar Apr May Jun Jul Aug Sep Oct Nov Dec
2012: Jan Feb Mar Apr May Jun Jul Aug Sep Oct Nov Dec

Report for 2017 June
                   Monthly Climatological Summary for Jun 2017

Name: Loughlinstown   City: Co Dublin   State: Ireland
Elevation: 24 m  Lat: N 53° 14' 54"   Lon: W 006° 08' 01"

                  Temperature (°C), Rain (mm), Wind Speed (km/h)

                                      Heat  Cool        Avg
    Mean                              Deg   Deg         Wind                 Dom
Day Temp  High   Time   Low    Time   Days  Days  Rain  Speed High   Time    Dir
----------------------------------------------------------------------------------
 1  14.8  17.8   12:59  11.9   22:19   3.5   0.0   1.0   7.3  43.6   12:25   SSE
 2  14.2  17.3   17:36  11.9   00:25   4.1   0.0   1.0   2.7  21.8   15:58   ESE
 3  14.3  20.3   16:53   8.3   05:38   4.2   0.1   0.2   5.7  36.4   10:33   WSW
 4  13.3  19.2   13:46   7.4   04:34   5.1   0.0   0.6   6.3  32.8   14:19    SW
 5  12.5  17.5   12:36   9.5   20:03   5.8   0.0  13.8   6.1  34.6   21:50   WSW
 6  13.0  17.8   16:36   9.1   05:22   5.3   0.0   0.0  18.7  58.2   19:07     W
 7  13.2  17.8   13:14   9.8   05:28   5.1   0.0   2.2  10.0  58.2   00:13   WSW
 8  14.8  20.6   14:03  10.2   23:58   3.6   0.1  10.0   4.9  43.6   15:33    SW
 9  15.1  21.5   13:10   9.4   04:18   3.5   0.4   2.6   6.8  32.8   23:03   SSW
10  16.4  22.1   14:30  12.2   00:22   2.6   0.7   8.0  11.0  45.4   18:38   SSE
11  15.7  19.3   13:58  13.5   23:38   2.6   0.0   0.2  11.0  49.2   18:04    SW
12  15.2  18.5   11:50  12.6   03:05   3.1   0.0   0.0  12.2  54.6   10:03   WSW
13  17.4  22.9   14:19  14.0   05:26   1.6   0.7   0.0   4.0  23.6   17:31     S
14  15.3  19.3   16:49  12.3   02:53   3.1   0.0   0.0   6.7  32.8   15:53    SE
15  15.7  20.7   14:20  12.0   04:09   2.8   0.1   0.4  12.1  49.2   16:10    SW
16  18.0  23.8   14:39  12.6   00:20   1.7   1.4   0.0   7.0  38.2   13:19   WSW
17  20.0  27.1   19:54  13.7   04:52   0.8   2.5   0.0   2.2  16.4   09:28     E
18  17.9  21.0   10:04  13.3   23:59   1.3   0.9   0.0   3.1  18.2   01:13   ENE
19  18.4  25.0   14:02  11.6   04:11   2.0   2.2   0.0   2.7  21.8   17:37    NE
20  16.7  20.9   15:40  12.2   05:25   2.0   0.5   0.0   3.6  20.0   11:56     N
21  19.2  24.9   13:42  13.9   01:25   1.2   2.1   0.2   4.1  29.0   23:57   ENE
22  18.1  23.4   15:07  15.2   07:12   1.1   0.9   0.0   8.6  38.2   13:05     W
23  17.6  23.8   17:57  13.3   23:58   1.6   0.8   0.0   9.6  40.0   16:31   WSW
24  16.9  23.0   15:03  12.2   03:17   2.5   1.1   0.0  11.6  38.2   15:44   WSW
25  15.3  20.2   15:10  12.7   04:41   3.2   0.2   1.4   6.7  32.8   00:04     W
26  13.4  17.3   13:07   8.2   05:13   4.9   0.0   4.2   2.9  18.2   12:27   ENE
27  16.2  20.9   13:24  11.8   00:48   2.6   0.5  11.6   6.8  34.6   12:04    SE
28  13.1  14.9   08:22  11.6   01:35   5.2   0.0  12.0   4.2  25.4   16:38   NNE
29  11.7  12.6   12:35  11.1   06:51   6.6   0.0   4.8  10.9  40.0   22:37    NW
30  12.3  14.8   16:28  10.4   05:38   6.0   0.0   1.2  14.0  47.2   03:42   WNW
----------------------------------------------------------------------------------
    15.5  27.1    17     7.4     4    98.7  15.2  75.4   7.5  58.2     6     WSW

Max >=  25.0:  2
Max <=   0.0:  0
Min <=   0.0:  0
Min <=  -5.0:  0
Max Rain: 13.8 on day 5
Days of Rain: 18 (>= 0.2 mm)  9 (>= 2.0 mm)  0 (>= 20.0 mm)
Heat Base: 18.3  Cool Base: 18.3  Method: Integration