No particular awareness of the weather is required.   -   There are no Weather-warnings

NOAA-Style Climate Reports

Select a Year or Month report
2018: Jan Feb Mar Apr May Jun Jul Aug Sep Oct Nov Dec
2017: Jan Feb Mar Apr May Jun Jul Aug Sep Oct Nov Dec
2016: Jan Feb Mar Apr May Jun Jul Aug Sep Oct Nov Dec
2015: Jan Feb Mar Apr May Jun Jul Aug Sep Oct Nov Dec
2014: Jan Feb Mar Apr May Jun Jul Aug Sep Oct Nov Dec
2013: Jan Feb Mar Apr May Jun Jul Aug Sep Oct Nov Dec
2012: Jan Feb Mar Apr May Jun Jul Aug Sep Oct Nov Dec

Report for 2017 July
                   Monthly Climatological Summary for Jul 2017

Name: Loughlinstown   City: Co Dublin   State: Ireland
Elevation: 24 m  Lat: N 53° 14' 54"   Lon: W 006° 08' 01"

                  Temperature (°C), Rain (mm), Wind Speed (km/h)

                                      Heat  Cool        Avg
    Mean                              Deg   Deg         Wind                 Dom
Day Temp  High   Time   Low    Time   Days  Days  Rain  Speed High   Time    Dir
----------------------------------------------------------------------------------
 1  15.3  20.9   12:24   8.3   05:35   3.4   0.4   0.0   8.3  41.8   18:09     W
 2  16.5  22.9   19:16  10.7   04:42   2.6   0.7   0.0   8.3  29.0   02:53     W
 3  16.2  19.4   13:18  14.3   07:27   2.2   0.1   0.0   6.7  31.0   04:30   WSW
 4  17.8  22.3   16:27  14.4   00:00   1.2   0.8   0.0   6.3  38.2   13:06    SW
 5  15.2  18.1   10:03  13.1   04:46   3.1   0.0   0.2   2.9  20.0   17:27     E
 6  17.2  21.2   15:00  12.8   05:33   1.7   0.6   0.0   2.1  23.6   19:28    NE
 7  17.1  21.3   10:56  13.9   03:12   1.6   0.3   0.2   5.0  29.0   19:47   WSW
 8  15.9  19.8   19:52  10.9   03:51   2.5   0.1   0.0   2.9  21.8   13:17     E
 9  18.0  24.8   11:14  13.3   04:34   1.5   1.2   0.0   5.6  29.0   07:07     W
10  15.2  18.9   13:15  13.6   06:26   3.2   0.0   0.8   5.1  27.2   00:36     W
11  14.0  18.6   11:01  10.0   23:59   4.3   0.0   0.0   4.0  23.6   17:32   NNE
12  14.9  20.2   11:53   9.2   03:05   3.7   0.2   0.2   4.3  20.0   13:39     E
13  16.6  23.2   16:02   8.8   05:01   2.7   1.0   0.0   5.3  40.0   19:44   WSW
14  16.6  23.8   14:42  12.5   05:13   2.2   0.5   0.0   7.5  34.6   09:02     W
15  21.0  27.6   17:13  16.9   01:31   0.3   3.0   0.0   9.8  47.2   19:36   WSW
16  18.7  24.3   15:42  13.7   23:12   1.3   1.7   0.0   6.5  31.0   14:53   WNW
17  17.7  23.3   10:30  11.4   05:48   2.2   1.6   0.0   3.5  16.4   00:19   NNE
18  16.9  22.4   16:29   8.4   05:26   2.8   1.5   0.0   1.5  16.4   11:39     E
19  16.5  19.8   17:51  11.8   23:56   2.0   0.1   5.2   4.6  41.8   18:31   WSW
20  14.1  21.2   13:19   9.8   06:47   4.4   0.2   3.4   7.1  40.0   14:29   WSW
21  14.5  17.6   15:37  11.9   02:11   3.8   0.0   7.0  10.1  43.6   05:37    SE
22  15.3  20.9   14:16  11.4   22:35   3.1   0.1   1.2   3.9  21.8   02:32     E
23  17.2  22.9   17:47  11.8   00:00   2.0   0.9   1.2   4.3  21.8   13:26    NW
24  19.9  26.2   16:46  13.9   05:27   1.1   2.7   0.0   8.9  34.6   12:24   WNW
25  16.1  18.8   16:16  14.0   04:52   2.2   0.0   0.0   4.5  21.8   16:21     E
26  17.3  21.6   14:57  11.6   23:42   1.9   0.8   6.2  11.0  49.2   19:10   WSW
27  15.4  21.1   17:01  11.5   00:09   3.2   0.3   0.0  10.9  51.0   17:36    SW
28  16.5  20.6   19:14  13.4   02:39   2.2   0.4   0.0  12.2  40.0   03:22    SW
29  16.4  21.9   13:59  13.3   05:20   2.2   0.3   0.0   9.6  38.2   02:48    SW
30  15.1  21.4   14:14  12.3   22:20   3.4   0.2   3.6   7.9  40.0   13:16    SW
31  15.9  22.3   15:33  12.2   05:47   2.8   0.4   0.8   9.5  41.8   04:19    SW
----------------------------------------------------------------------------------
    16.5  27.6    15     8.3     1    76.8  20.1  30.0   6.5  51.0    27     WSW

Max >=  25.0:  2
Max <=   0.0:  0
Min <=   0.0:  0
Min <=  -5.0:  0
Max Rain: 7.0 on day 21
Days of Rain: 12 (>= 0.2 mm)  5 (>= 2.0 mm)  0 (>= 20.0 mm)
Heat Base: 18.3  Cool Base: 18.3  Method: Integration