No particular awareness of the weather is required.   -   There are no Weather-warnings

NOAA-Style Climate Reports

Select a Year or Month report
2018: Jan Feb Mar Apr May Jun Jul Aug Sep Oct Nov Dec
2017: Jan Feb Mar Apr May Jun Jul Aug Sep Oct Nov Dec
2016: Jan Feb Mar Apr May Jun Jul Aug Sep Oct Nov Dec
2015: Jan Feb Mar Apr May Jun Jul Aug Sep Oct Nov Dec
2014: Jan Feb Mar Apr May Jun Jul Aug Sep Oct Nov Dec
2013: Jan Feb Mar Apr May Jun Jul Aug Sep Oct Nov Dec
2012: Jan Feb Mar Apr May Jun Jul Aug Sep Oct Nov Dec

Report for 2017 August
                   Monthly Climatological Summary for Aug 2017

Name: Loughlinstown   City: Co Dublin   State: Ireland
Elevation: 24 m  Lat: N 53° 14' 54"   Lon: W 006° 08' 01"

                  Temperature (°C), Rain (mm), Wind Speed (km/h)

                                      Heat  Cool        Avg
    Mean                              Deg   Deg         Wind                 Dom
Day Temp  High   Time   Low    Time   Days  Days  Rain  Speed High   Time    Dir
----------------------------------------------------------------------------------
 1  16.2  22.3   14:14  11.4   06:05   2.5   0.5   0.2   4.8  29.0   14:50    SW
 2  16.8  22.4   14:06  13.1   00:41   2.3   0.8   9.6   8.4  41.8   10:00   SSE
 3  17.4  21.9   17:34  14.2   22:28   1.6   0.7   0.2  12.1  41.8   08:03   WSW
 4  16.1  21.2   12:14  11.8   05:46   2.5   0.3   0.0   8.7  34.6   11:36     W
 5  14.7  21.2   12:34  11.0   22:20   3.7   0.1   2.2   5.0  27.2   12:47     W
 6  13.9  17.8   13:54  10.9   03:01   4.4   0.0   0.4   5.1  34.6   13:58    SW
 7  15.8  20.2   14:06  11.4   04:49   2.7   0.2   0.0   6.5  27.2   00:21   WSW
 8  15.2  19.9   12:34  11.8   05:57   3.3   0.1   0.0   6.5  25.4   17:27    NW
 9  15.7  21.6   13:31  10.8   05:07   3.2   0.6   0.0   9.1  36.4   06:10   NNW
10  15.3  22.2   14:16  10.2   05:41   3.3   0.3   0.0   6.0  25.4   10:04     W
11  17.3  22.9   17:47  13.1   00:35   1.9   0.9   0.2   8.2  41.8   23:42   WSW
12  16.0  21.9   13:17  13.4   02:47   2.6   0.3   0.0   9.1  40.0   06:04     W
13  14.3  17.9   16:49   7.8   05:35   4.0   0.0   1.2   3.5  27.2   22:39    SE
14  15.8  22.0   12:39  13.1   23:54   2.9   0.5  21.8   5.3  31.0   12:50    SE
15  15.6  22.3   18:10  10.0   05:25   3.3   0.6   0.0   7.2  34.6   01:09   WSW
16  16.1  20.7   16:51  10.5   01:20   2.4   0.2   0.0   9.2  47.2   10:02   SSE
17  16.7  22.7   17:23   9.6   06:03   2.6   1.0   2.4   6.3  38.2   12:22    SW
18  14.4  19.2   12:49  11.4   05:59   3.9   0.0   0.4  12.9  45.4   21:10   WSW
19  15.0  19.7   15:14  12.1   06:34   3.4   0.1   0.0  13.9  43.6   16:49     W
20  13.0  16.0   10:42   9.1   06:20   5.3   0.0   5.6   4.6  25.4   14:03    SE
21  16.6  20.6   18:23  14.3   02:22   1.8   0.1   4.8   1.5  16.4   01:58     E
22  17.3  19.6   19:26  14.8   06:14   1.2   0.1   0.0   6.0  32.8   11:57    SE
23  17.5  22.4   15:33  12.0   06:54   1.8   1.0   0.0   4.9  29.0   17:20    SW
24  16.3  20.4   12:15  13.2   03:09   2.2   0.2   0.0   7.1  29.0   09:11    SW
25  16.5  20.4   13:13  13.4   06:15   2.0   0.2   0.0   4.6  34.6   01:37    SW
26  15.5  20.2   12:14  11.0   06:10   2.9   0.1   0.0   2.9  21.8   17:21   SSW
27  18.2  23.7   17:50  13.0   00:00   1.6   1.5   0.0   2.6  23.6   19:10     S
28  18.7  24.5   12:29  13.8   23:57   1.0   1.5   0.6   5.7  31.0   21:01    SW
29  13.5  16.7   17:30  10.4   06:38   4.8   0.0   0.0   5.5  25.4   13:15     W
30  14.4  19.8   12:12  11.4   06:42   3.9   0.0   0.8   6.0  25.4   13:34   WSW
31  13.5  19.2   14:11   7.8   23:42   4.8   0.0   0.0   3.9  25.4   03:26   WNW
----------------------------------------------------------------------------------
    15.8  24.5    28     7.8    13    89.8  11.9  50.4   6.6  47.2    16     WSW

Max >=  25.0:  0
Max <=   0.0:  0
Min <=   0.0:  0
Min <=  -5.0:  0
Max Rain: 21.8 on day 14
Days of Rain: 14 (>= 0.2 mm)  6 (>= 2.0 mm)  1 (>= 20.0 mm)
Heat Base: 18.3  Cool Base: 18.3  Method: Integration