No particular awareness of the weather is required.   -   There are no Weather-warnings

NOAA-Style Climate Reports

Select a Year or Month report
2018: Jan Feb Mar Apr May Jun Jul Aug Sep Oct Nov Dec
2017: Jan Feb Mar Apr May Jun Jul Aug Sep Oct Nov Dec
2016: Jan Feb Mar Apr May Jun Jul Aug Sep Oct Nov Dec
2015: Jan Feb Mar Apr May Jun Jul Aug Sep Oct Nov Dec
2014: Jan Feb Mar Apr May Jun Jul Aug Sep Oct Nov Dec
2013: Jan Feb Mar Apr May Jun Jul Aug Sep Oct Nov Dec
2012: Jan Feb Mar Apr May Jun Jul Aug Sep Oct Nov Dec

Report for 2017 September
                   Monthly Climatological Summary for Sep 2017

Name: Loughlinstown   City: Co Dublin   State: Ireland
Elevation: 24 m  Lat: N 53° 14' 54"   Lon: W 006° 08' 01"

                  Temperature (°C), Rain (mm), Wind Speed (km/h)

                                      Heat  Cool        Avg
    Mean                              Deg   Deg         Wind                 Dom
Day Temp  High   Time   Low    Time   Days  Days  Rain  Speed High   Time    Dir
----------------------------------------------------------------------------------
 1  13.3  20.0   15:33   7.8   00:00   5.1   0.1   0.0   3.1  25.4   11:38   WNW
 2  13.3  20.3   13:02   5.7   05:30   5.1   0.1   0.8   6.4  47.2   23:21    SE
 3  15.6  18.3   18:01  13.8   05:08   2.7   0.0  16.6   9.4  56.4   04:39    SE
 4  17.0  20.3   11:48  14.4   04:16   1.6   0.3   1.2   1.9  25.4   13:57    SW
 5  14.9  19.4   12:56  11.9   06:35   3.5   0.1   5.4   6.1  40.0   14:56     W
 6  15.1  19.3   14:08  12.2   04:44   3.3   0.0   0.0   8.5  36.4   10:45   WSW
 7  15.3  17.6   14:30  12.8   03:03   3.0   0.0   0.0   7.3  36.4   09:44    SW
 8  14.2  19.4   14:36  11.2   23:09   4.2   0.0   1.8   9.9  40.0   23:20     W
 9  14.1  19.1   16:24  11.0   00:45   4.2   0.0   0.6  14.6  47.2   04:14   WNW
10  13.5  18.6   14:22   9.9   19:26   4.8   0.0   2.0  13.2  63.6   17:45   WSW
11  13.6  17.0   15:01  11.2   23:58   4.7   0.0   3.8  19.0  78.2   00:37     W
12  12.4  15.9   12:55   9.7   06:26   5.9   0.0   3.8  10.9  56.4   23:35   WSW
13  11.6  16.7   13:48   8.7   02:02   6.7   0.0   0.8  13.3  54.6   22:54     W
14  11.9  17.5   15:11   8.7   02:16   6.4   0.0   1.0  14.5  52.8   15:17     W
15  12.3  16.9   13:51   9.5   23:50   6.0   0.0   0.4  11.5  38.2   03:28   WNW
16  10.2  13.4   10:38   8.7   21:48   8.1   0.0   6.6   7.7  34.6   02:43   WNW
17  11.6  17.7   16:03   6.7   05:22   6.7   0.0   1.8   3.2  20.0   11:35   NNW
18  12.5  19.1   15:46   6.9   06:00   5.7   0.0   0.0   4.3  29.0   14:34   WNW
19  13.1  20.9   14:26   5.3   07:12   5.4   0.3   0.0   3.8  27.2   12:53   SSE
20  15.3  17.6   15:42  12.5   23:38   3.0   0.0   4.0   8.3  36.4   10:04     S
21  12.8  18.1   16:59   8.4   23:57   5.5   0.0   8.0   6.4  29.0   12:15     W
22  13.4  20.7   15:36   7.9   02:07   5.2   0.2   2.0   6.5  43.6   07:31   SSE
23  14.1  17.2   12:50   8.4   00:00   4.1   0.0   0.4  11.1  49.2   18:46    SE
24  14.5  18.6   12:46   8.2   23:52   3.9   0.0   0.4   1.8  27.2   01:48    SE
25  12.3  18.4   11:13   6.4   06:19   6.0   0.0   0.0   1.3  18.2   15:19     E
26  12.7  16.2   15:21   7.6   04:14   5.6   0.0   0.2   5.6  29.0   12:22    SE
27  13.8  14.7   09:32  12.0   23:58   4.5   0.0   7.2  13.9  54.6   11:29    SE
28  13.1  17.1   13:56   6.2   07:51   5.2   0.0   0.4   8.2  51.0   20:01    SE
29  13.0  17.2   12:32   8.7   08:08   5.3   0.0   1.2   6.6  43.6   13:54   SSW
30  10.6  15.8   13:37   6.2   06:21   7.7   0.0   0.0   1.8  21.8   01:40   SSE
----------------------------------------------------------------------------------
    13.4  20.9    19     5.3    19   149.1   1.1  70.4   8.0  78.2    11     WSW

Max >=  25.0:  0
Max <=   0.0:  0
Min <=   0.0:  0
Min <=  -5.0:  0
Max Rain: 16.6 on day 3
Days of Rain: 23 (>= 0.2 mm)  10 (>= 2.0 mm)  0 (>= 20.0 mm)
Heat Base: 18.3  Cool Base: 18.3  Method: Integration