No particular awareness of the weather is required.   -   There are no Weather-warnings

NOAA-Style Climate Reports

Select a Year or Month report
2018: Jan Feb Mar Apr May Jun Jul Aug Sep Oct Nov Dec
2017: Jan Feb Mar Apr May Jun Jul Aug Sep Oct Nov Dec
2016: Jan Feb Mar Apr May Jun Jul Aug Sep Oct Nov Dec
2015: Jan Feb Mar Apr May Jun Jul Aug Sep Oct Nov Dec
2014: Jan Feb Mar Apr May Jun Jul Aug Sep Oct Nov Dec
2013: Jan Feb Mar Apr May Jun Jul Aug Sep Oct Nov Dec
2012: Jan Feb Mar Apr May Jun Jul Aug Sep Oct Nov Dec

Report for 2017 October
                   Monthly Climatological Summary for Oct 2017

Name: Loughlinstown   City: Co Dublin   State: Ireland
Elevation: 24 m  Lat: N 53° 14' 54"   Lon: W 006° 08' 01"

                  Temperature (°C), Rain (mm), Wind Speed (km/h)

                                      Heat  Cool        Avg
    Mean                              Deg   Deg         Wind                 Dom
Day Temp  High   Time   Low    Time   Days  Days  Rain  Speed High   Time    Dir
----------------------------------------------------------------------------------
 1  14.0  18.3   13:36   8.6   00:00   4.3   0.0   1.4   8.9  52.8   23:53    SW
 2  12.6  16.6   14:52   9.7   23:58   5.7   0.0   0.0  18.9  61.8   02:19     W
 3  11.5  15.4   13:17   8.8   06:53   6.8   0.0   0.0  12.3  47.2   03:27     W
 4  12.8  15.4   23:52  10.8   02:59   5.5   0.0   0.0  12.9  63.6   22:09    SW
 5  12.8  16.8   14:45   8.9   23:54   5.5   0.0   0.2  13.0  60.0   01:16     W
 6  11.8  15.6   14:58   7.1   07:37   6.5   0.0   0.2   4.6  32.8   23:16   WSW
 7  13.6  15.1   17:02  12.1   07:44   4.7   0.0   0.0  12.5  45.4   08:42     W
 8  13.0  15.1   12:12  10.5   23:57   5.3   0.0   0.6   2.1  23.6   00:16   WNW
 9  12.2  19.0   16:41   6.4   07:07   6.1   0.0   0.0   3.8  38.2   20:37    SW
10  14.3  16.7   12:13  11.8   08:17   4.0   0.0   0.2   7.1  36.4   00:19    SW
11  14.2  17.8   14:00   9.0   21:52   4.1   0.0   1.2  12.0  54.6   09:14    SW
12  13.3  18.1   23:07   9.3   00:00   5.0   0.0   0.0   9.0  41.8   22:24     S
13  18.6  22.2   15:56  14.4   23:29   0.8   1.1   0.0  11.3  56.4   10:58   SSW
14  16.3  21.3   14:05  14.1   04:52   2.3   0.3   0.2   8.7  43.6   21:00     S
15  15.3  18.1   11:20  13.5   21:51   3.0   0.0   0.2   7.4  45.4   01:16   SSE
16  14.0  17.6   10:25  12.1   23:20   4.3   0.0   4.2  16.3  83.6   14:30     S
17  10.8  15.3   15:22   3.6   23:51   7.5   0.0   0.0  11.6  63.6   00:22   WSW
18   8.7  14.3   13:29   1.9   05:22   9.6   0.0   1.0   4.2  29.0   19:06    SE
19  13.2  14.7   10:07  11.0   23:59   5.1   0.0  15.6  11.7  61.8   11:54    SE
20  10.7  13.4   20:47   7.8   07:51   7.6   0.0   6.2  13.0  54.6   19:02    SW
21  11.3  13.4   15:22   8.6   23:59   7.0   0.0  11.8  19.0  81.8   11:48   WSW
22  10.3  14.0   16:28   7.7   06:11   8.0   0.0   0.0  14.7  60.0   00:30     W
23  14.0  17.3   16:10  11.1   00:00   4.3   0.0   2.0   4.4  27.3   02:50   SSW
24  14.0  17.1   08:54  10.9   22:42   4.3   0.0   4.4   5.6  41.8   04:00   SSW
25  12.0  16.2   14:36   8.6   08:47   6.3   0.0   0.2   6.0  32.8   04:59   WSW
26  11.4  13.4   15:51   8.7   23:57   6.9   0.0   0.0   0.4   9.0   16:37    NW
27   8.0  14.5   14:04   4.3   05:12  10.3   0.0   0.0   0.7  12.8   23:42    NW
28  13.0  15.4   11:42   6.9   00:22   5.3   0.0   0.2  13.8  51.0   22:40     W
29  11.2  14.3   12:34   4.4   23:17   7.4   0.0   0.0   9.6  51.0   00:40    NW
30   8.2  14.9   14:22   2.4   03:06  10.1   0.0   0.6   0.7  16.4   10:42   SSE
31  11.3  14.3   12:33   9.4   03:31   7.0   0.0   0.4   0.8  18.2   06:18    NW
----------------------------------------------------------------------------------
    12.5  22.2    13     1.9    18   180.6   1.4  50.8   8.9  83.6    16      SW

Max >=  25.0:  0
Max <=   0.0:  0
Min <=   0.0:  0
Min <=  -5.0:  0
Max Rain: 15.6 on day 19
Days of Rain: 19 (>= 0.2 mm)  6 (>= 2.0 mm)  0 (>= 20.0 mm)
Heat Base: 18.3  Cool Base: 18.3  Method: Integration