No particular awareness of the weather is required.   -   There are no Weather-warnings

NOAA-Style Climate Reports

Select a Year or Month report
2018: Jan Feb Mar Apr May Jun Jul Aug Sep Oct Nov Dec
2017: Jan Feb Mar Apr May Jun Jul Aug Sep Oct Nov Dec
2016: Jan Feb Mar Apr May Jun Jul Aug Sep Oct Nov Dec
2015: Jan Feb Mar Apr May Jun Jul Aug Sep Oct Nov Dec
2014: Jan Feb Mar Apr May Jun Jul Aug Sep Oct Nov Dec
2013: Jan Feb Mar Apr May Jun Jul Aug Sep Oct Nov Dec
2012: Jan Feb Mar Apr May Jun Jul Aug Sep Oct Nov Dec

Report for 2017 November
                   Monthly Climatological Summary for Nov 2017

Name: Loughlinstown   City: Co Dublin   State: Ireland
Elevation: 24 m  Lat: N 53° 14' 54"   Lon: W 006° 08' 01"

                  Temperature (°C), Rain (mm), Wind Speed (km/h)

                                      Heat  Cool        Avg
    Mean                              Deg   Deg         Wind                 Dom
Day Temp  High   Time   Low    Time   Days  Days  Rain  Speed High   Time    Dir
----------------------------------------------------------------------------------
 1  10.9  16.0   14:56   6.2   19:10   7.4   0.0   0.0   3.5  29.0   02:50   WSW
 2  10.3  12.1   00:00   8.3   23:33   8.1   0.0   0.0   2.9  21.8   01:31   WNW
 3   9.9  13.3   13:16   7.7   02:37   8.4   0.0   0.0   2.6  21.8   23:18    SW
 4   8.0  10.4   00:00   4.8   19:21  10.3   0.0   0.0  12.9  51.0   21:50     W
 5   7.0  11.4   14:28   2.3   23:58  11.3   0.0   0.0  14.3  52.8   02:19     W
 6   8.5  12.3   12:16   1.6   00:30   9.8   0.0   0.0   7.7  47.2   22:51   SSE
 7   7.4  11.9   00:20   4.2   23:18  11.0   0.0   2.0   9.2  45.4   00:15     W
 8   7.8  12.2   12:25   1.6   08:24  10.5   0.0   0.8   4.7  31.0   21:41   WSW
 9  11.2  13.1   13:38   7.9   17:58   7.1   0.0   0.2  10.2  47.2   23:50     W
10   9.3  12.8   00:07   7.4   08:15   9.0   0.0   5.6  11.2  51.0   02:13     W
11   8.2  11.6   02:39   5.4   23:50  10.1   0.0   8.2   3.6  31.0   02:27   WNW
12   5.7   9.0   13:57   3.8   21:24  12.6   0.0   0.0  12.7  47.2   12:31   WNW
13   6.8  10.8   23:56   1.6   05:40  11.5   0.0   1.0   5.6  41.8   20:58    SW
14  11.5  14.3   12:10   8.6   23:58   6.8   0.0   0.4   6.8  45.4   01:05   WSW
15   8.1  11.4   14:18   2.3   07:45  10.2   0.0   0.0   1.4  21.8   20:48   SSW
16   7.5  11.2   05:10   1.4   23:23  10.8   0.0   1.4   6.6  43.6   04:26     W
17   5.0   8.5   12:06  -0.4   04:39  13.3   0.0   0.0   5.2  29.0   13:46    SW
18   7.3   9.5   12:48   4.5   23:55  10.9   0.0   2.0   3.5  18.2   10:45     W
19   6.7  11.4   23:57   1.7   01:54  11.6   0.0   0.4   2.0  32.8   23:25    SE
20  13.3  14.8   23:06  11.4   00:00   5.0   0.0   0.0   8.8  41.8   01:17   WSW
21  13.8  14.8   05:24  11.7   09:08   4.5   0.0   0.2   6.1  40.0   16:52    SW
22  10.1  14.8   10:59   3.3   23:38   8.2   0.0  24.8   6.1  38.2   09:17   WSW
23   5.0   7.8   12:47  -0.2   23:57  13.3   0.0   0.8  15.3  63.6   06:06   WSW
24   2.1   6.8   12:49  -2.6   03:00  16.2   0.0   0.2   6.3  38.2   21:34     W
25   3.3   5.8   12:47   1.3   02:36  15.0   0.0   0.0  16.9  52.8   07:18     W
26   6.5  10.4   23:26   2.9   00:02  11.8   0.0   0.8  14.1  56.4   20:20   WSW
27   7.1   9.2   00:00   5.1   23:44  11.2   0.0   0.0  17.5  58.2   20:22     W
28   4.2   7.7   14:09   2.6   23:02  14.1   0.0   0.0  13.6  40.0   08:38   WNW
29   2.9   6.1   13:35   1.7   05:00  15.4   0.0   0.0  10.2  34.6   08:35   WNW
30   3.3   5.8   13:09   1.3   23:44  15.0   0.0   0.0  10.9  34.6   00:43   WNW
----------------------------------------------------------------------------------
     7.6  16.0     1    -2.6    24   320.4   0.0  48.8   8.4  63.6    23       W

Max >=  25.0:  0
Max <=   0.0:  0
Min <=   0.0:  3
Min <=  -5.0:  0
Max Rain: 24.8 on day 22
Days of Rain: 15 (>= 0.2 mm)  5 (>= 2.0 mm)  1 (>= 20.0 mm)
Heat Base: 18.3  Cool Base: 18.3  Method: Integration