No particular awareness of the weather is required.   -   There are no Weather-warnings

NOAA-Style Climate Reports

Select a Year or Month report
2018: Jan Feb Mar Apr May Jun Jul Aug Sep Oct Nov Dec
2017: Jan Feb Mar Apr May Jun Jul Aug Sep Oct Nov Dec
2016: Jan Feb Mar Apr May Jun Jul Aug Sep Oct Nov Dec
2015: Jan Feb Mar Apr May Jun Jul Aug Sep Oct Nov Dec
2014: Jan Feb Mar Apr May Jun Jul Aug Sep Oct Nov Dec
2013: Jan Feb Mar Apr May Jun Jul Aug Sep Oct Nov Dec
2012: Jan Feb Mar Apr May Jun Jul Aug Sep Oct Nov Dec

Report for 2017 December
                   Monthly Climatological Summary for Dec 2017

Name: Loughlinstown   City: Co Dublin   State: Ireland
Elevation: 24 m  Lat: N 53° 14' 54"   Lon: W 006° 08' 01"

                  Temperature (°C), Rain (mm), Wind Speed (km/h)

                                      Heat  Cool        Avg
    Mean                              Deg   Deg         Wind                 Dom
Day Temp  High   Time   Low    Time   Days  Days  Rain  Speed High   Time    Dir
----------------------------------------------------------------------------------
 1   3.5   6.1   13:37   0.8   03:34  14.8   0.0   0.0   8.6  32.8   21:54   WNW
 2   6.5   7.8   12:39   5.2   02:12  11.8   0.0   0.0  11.6  36.4   01:58     W
 3   8.4  10.1   12:41   7.1   00:00   9.9   0.0   0.0  12.3  38.2   02:59     W
 4   7.6   9.3   12:21   5.9   20:24  10.7   0.0   0.0   7.7  27.2   05:08     W
 5   7.6  10.3   23:34   2.8   08:56  10.7   0.0   0.0   4.8  31.0   13:59    SW
 6  11.6  14.5   23:59   9.6   02:43   6.7   0.0   2.2  11.0  58.2   12:17   SSE
 7   6.6  14.5   00:00   2.0   23:33  11.7   0.0   2.8  17.5  60.0   20:54     W
 8   1.9   3.7   14:10   0.8   07:42  16.4   0.0   0.2  15.7  56.4   08:53     W
 9   2.3   5.2   13:06  -0.9   20:09  16.0   0.0   0.0   4.8  27.2   00:05   WSW
10   2.8   4.6   00:54  -0.6   23:34  15.5   0.0  15.0  10.2  43.6   03:44    NE
11   1.5   5.3   14:28  -1.5   05:33  16.8   0.0   0.0  11.7  40.0   14:12   WNW
12   4.4   7.5   18:31  -0.3   08:15  13.9   0.0   0.2   6.8  36.4   01:31   WSW
13   5.4   7.3   06:09   2.6   17:58  12.9   0.0   4.2  17.3  69.2   22:36   WSW
14   4.6   6.6   13:59   3.3   05:24  13.7   0.0   0.2  21.6  65.4   20:50     W
15   5.2   7.2   13:52   2.7   23:39  13.1   0.0   0.4  14.2  51.0   00:07   WNW
16   5.4   7.6   19:40   2.4   00:25  12.9   0.0   0.0   9.7  34.6   07:26     W
17   8.8  12.2   13:05   5.0   22:10   9.5   0.0   0.8   8.5  54.6   09:10     W
18   3.4   8.2   14:01  -0.1   06:19  14.9   0.0   0.2   0.2  11.0   00:05   WSW
19   7.3  11.3   12:09   3.3   01:54  11.0   0.0   0.0   1.0  12.8   13:20   ESE
20  11.2  13.2   05:04   9.2   00:00   7.1   0.0   0.0   4.0  32.8   04:38    SW
21  11.7  12.7   09:14   9.4   01:39   6.6   0.0   3.4   4.9  36.4   12:22    SW
22   8.8  12.1   14:05   5.9   19:34   9.5   0.0   0.2   0.4  16.4   13:27   WNW
23   9.0  12.3   23:49   5.9   10:37   9.3   0.0   0.2   4.6  40.0   23:43   WSW
24  12.2  12.9   12:46  11.6   01:55   6.1   0.0   0.0  14.7  45.4   13:53    SW
25   6.6  12.8   00:11   2.5   21:45  11.7   0.0   8.4   8.8  47.2   00:04   WSW
26   3.9   6.2   12:49   1.6   23:57  14.4   0.0   0.0  11.4  51.0   04:27     W
27   2.1   4.3   13:55   0.7   02:20  16.2   0.0   0.0  15.3  41.8   11:45     W
28   2.1   4.6   12:36  -0.2   18:34  16.2   0.0   0.0   7.2  34.6   00:01     W
29   5.5   7.5   13:57   2.4   23:33  12.8   0.0   8.6  15.2  80.0   09:46   WSW
30   8.3  10.2   08:14   2.8   00:00  10.0   0.0   9.2  16.0  65.4   12:46   WSW
31   7.6  11.8   00:55   4.8   23:05  10.7   0.0   2.4  17.7  67.2   03:12    SW
----------------------------------------------------------------------------------
     6.3  14.5     6    -1.5    11   373.5   0.0  58.6  10.2  80.0    29       W

Max >=  25.0:  0
Max <=   0.0:  0
Min <=   0.0:  6
Min <=  -5.0:  0
Max Rain: 15.0 on day 10
Days of Rain: 17 (>= 0.2 mm)  9 (>= 2.0 mm)  0 (>= 20.0 mm)
Heat Base: 18.3  Cool Base: 18.3  Method: Integration