No particular awareness of the weather is required.   -   There are no Weather-warnings

NOAA-Style Climate Reports

Select a Year or Month report
2018: Jan Feb Mar Apr May Jun Jul Aug Sep Oct Nov Dec
2017: Jan Feb Mar Apr May Jun Jul Aug Sep Oct Nov Dec
2016: Jan Feb Mar Apr May Jun Jul Aug Sep Oct Nov Dec
2015: Jan Feb Mar Apr May Jun Jul Aug Sep Oct Nov Dec
2014: Jan Feb Mar Apr May Jun Jul Aug Sep Oct Nov Dec
2013: Jan Feb Mar Apr May Jun Jul Aug Sep Oct Nov Dec
2012: Jan Feb Mar Apr May Jun Jul Aug Sep Oct Nov Dec

Report for 2018 January
                   Monthly Climatological Summary for Jan 2018

Name: Loughlinstown   City: Co Dublin   State: Ireland
Elevation: 24 m  Lat: N 53° 14' 54"   Lon: W 006° 08' 01"

                  Temperature (°C), Rain (mm), Wind Speed (km/h)

                                      Heat  Cool        Avg
    Mean                              Deg   Deg         Wind                 Dom
Day Temp  High   Time   Low    Time   Days  Days  Rain  Speed High   Time    Dir
----------------------------------------------------------------------------------
 1   6.4   8.7   12:21   5.4   05:42  11.9   0.0   0.6  18.8  67.2   11:38     W
 2   8.1  11.0   18:52   4.9   00:24  10.2   0.0   4.4  16.7  91.0   20:29    SW
 3   7.3   8.5   16:37   4.9   00:59  11.0   0.0   2.8  28.0  80.0   19:03   WSW
 4   6.1   9.5   10:28   4.3   03:52  12.2   0.0   8.8  12.5  78.2   11:39   WSW
 5   3.0   6.5   12:45  -1.9   23:37  15.3   0.0   0.8   1.6  23.6   05:27   WSW
 6   5.1   7.1   10:29  -2.1   00:05  13.2   0.0   0.2  11.7  43.6   12:24   NNE
 7   5.2   6.8   13:19   1.6   23:59  13.1   0.0   0.0   7.6  27.2   12:40   ENE
 8   3.7   5.9   11:58  -0.2   06:31  14.6   0.0   0.0   8.0  32.8   13:13    SE
 9   5.9   8.2   19:15   3.9   23:13  12.4   0.0   8.8  12.4  49.2   13:55    SE
10   4.1   7.6   13:52   0.0   08:44  14.2   0.0   0.4   0.9  14.6   14:26   WNW
11   4.7   6.8   13:58   2.5   09:26  13.6   0.0   0.0   2.0  14.6   04:42   WNW
12   7.1   8.5   12:48   5.3   01:12  11.2   0.0   0.0  14.3  49.2   23:39    SE
13   7.5   8.3   00:00   6.7   08:31  10.8   0.0   9.0  15.6  60.0   03:52    SE
14   6.1  10.3   23:55   1.5   08:29  12.2   0.0   1.6   5.7  43.6   17:41   SSE
15   7.7  10.3   00:00   3.5   23:21  10.6   0.0   4.8  16.1  54.6   11:27   WSW
16   2.7   4.7   10:59   1.1   17:19  15.6   0.0   3.0  19.3  56.4   08:04   WSW
17   5.0  10.8   22:14   1.8   00:45  13.3   0.0   3.4  22.2  76.4   22:39   WSW
18   4.8  10.2   00:00   2.3   23:54  13.5   0.0   0.0  19.2  89.2   00:18     W
19   3.5   5.6   14:02   2.3   00:00  14.8   0.0   0.0  18.3  56.4   09:34   WSW
20   3.9   4.8   12:14   2.8   00:00  14.4   0.0  13.4   2.6  27.2   00:56   NNE
21   8.3  13.3   14:02   3.8   00:00  10.0   0.0  16.2  12.0  67.2   18:28   WSW
22   8.5  10.4   23:42   7.5   05:44   9.8   0.0   0.0   9.7  38.2   07:42   WSW
23  11.4  14.0   11:45   8.9   19:33   6.9   0.0   0.0  14.3  58.2   11:28   SSW
24   8.0  12.2   02:17   6.2   15:28  10.3   0.0   9.2  22.1  76.4   03:13    SW
25   6.2   9.1   13:49   4.2   07:51  12.1   0.0   0.2  13.4  56.4   00:16   WSW
26   6.1   8.9   13:21   3.1   08:14  12.2   0.0   0.2   6.6  36.4   03:50     W
27  10.8  13.7   14:10   7.6   00:00   7.5   0.0   1.2  13.0  56.4   16:24   WSW
28  12.3  14.0   13:54   9.6   00:00   6.0   0.0   0.0  12.3  56.4   11:09   WSW
29   7.9  12.4   02:32   3.4   22:36  10.4   0.0   4.0  10.0  58.2   02:21     W
30   5.6   8.3   13:29   2.2   07:12  12.7   0.0   0.8   5.5  60.0   23:00    SW
31   4.8   8.2   00:49   2.9   07:25  13.5   0.0   3.0  22.3  71.0   19:39   WSW
----------------------------------------------------------------------------------
     6.4  14.0    23    -2.1     6   369.5   0.0  96.8  12.7  91.0     2     WSW

Max >=  25.0:  0
Max <=   0.0:  0
Min <=   0.0:  4
Min <=  -5.0:  0
Max Rain: 16.2 on day 21
Days of Rain: 22 (>= 0.2 mm)  13 (>= 2.0 mm)  0 (>= 20.0 mm)
Heat Base: 18.3  Cool Base: 18.3  Method: Integration